{"id":945,"date":"2024-12-10T19:02:17","date_gmt":"2024-12-10T22:02:17","guid":{"rendered":"https:\/\/webpe.colegiomayor.cl\/?page_id=945"},"modified":"2026-03-20T09:55:43","modified_gmt":"2026-03-20T12:55:43","slug":"requisitos","status":"publish","type":"page","link":"https:\/\/webpe.colegiomayor.cl\/?page_id=945","title":{"rendered":"Requisitos"},"content":{"rendered":"<div class=\"wpb-content-wrapper\"><p>[vc_row css=&#8221;.vc_custom_1491472723216{margin-bottom: 20px !important;}&#8221;][vc_column css=&#8221;.vc_custom_1490090587979{margin-bottom: 0px !important;}&#8221;][vc_row_inner][vc_column_inner][vc_custom_heading text=&#8221;Colegio Mayor Pe\u00f1alol\u00e9n les brinda la m\u00e1s cordial bienvenida al proceso de Admisi\u00f3n 2027.<br \/>\nNuestra misi\u00f3n es formar ni\u00f1os, ni\u00f1as y j\u00f3venes responsables y aut\u00f3nomos, que, interesados en el contexto humano, social, cultural y cient\u00edfico de nuestro pa\u00eds y el mundo, sean honestos, solidarios, respetuosos de la diversidad en cualquiera de las formas en que ella se expresa, promotores de una sana convivencia, firme en sus convicciones y amable con las personas, y que demuestren un alto compromiso con la sociedad y el desarrollo sustentable; asimismo, sean capaces de analizar, evaluar y cuestionar sistem\u00e1ticamente distintas situaciones, as\u00ed como comunicarse e interactuar de manera flexible con su entorno, proponiendo diversas y pertinentes alternativas para enfrentar individual y colaborativamente los desaf\u00edos de su vida.<\/p>\n<p>Nuestro colegio mantiene abierto durante todo el a\u00f1o su proceso de Admisi\u00f3n escolar por lo que, publica y actualiza cada mes, en la p\u00e1gina web institucional, el n\u00famero de vacantes disponibles para los niveles de Play Group a III\u00b0 Medio, los criterios generales de admisi\u00f3n, los plazos y fechas, los requisitos de las postulaciones, antecedentes y otros aspectos relacionados con este proceso, seg\u00fan la normativa vigente.<\/p>\n<p>Para nuestro establecimiento educativo, la aplicaci\u00f3n de medidas de marginaci\u00f3n escolar como son la expulsi\u00f3n y la cancelaci\u00f3n de matr\u00edcula, implica necesariamente que el estudiante sancionado (a) no podr\u00e1 postular ni ser admitido en nuestra instituci\u00f3n educativa en ning\u00fan proceso de admisi\u00f3n de los a\u00f1os siguientes. De lo anterior, se dejar\u00e1 constancia en la resoluci\u00f3n que aplique la medida respectiva y se se\u00f1alar\u00e1 adem\u00e1s en la convocatoria p\u00fablica que se realizar\u00e1 para el proceso de admisi\u00f3n respectivo, ,lo que aplica para el presente proceso.&#8221; font_container=&#8221;tag:h6|font_size:14|text_align:left&#8221; use_theme_fonts=&#8221;yes&#8221; css=&#8221;.vc_custom_1773859229420{margin-bottom: 10px !important;padding-left: 18px !important;}&#8221;][vc_custom_heading text=&#8221;Requisitos de los postulantes, antecedentes y documentaci\u00f3n a presentar&#8221; font_container=&#8221;tag:h4|text_align:left&#8221; use_theme_fonts=&#8221;yes&#8221; css=&#8221;.vc_custom_1773662862110{margin-top: 0px !important;margin-bottom: 20px !important;}&#8221;][vc_column_text css=&#8221;&#8221;]<\/p>\n<blockquote>\n<h5>Completar\u00a0 <a href=\"https:\/\/webpe.colegiomayor.cl\/?page_id=557\">Formulario de Postulaci\u00f3n <\/a>online.<\/h5>\n<\/blockquote>\n<p>[\/vc_column_text][vc_custom_heading text=&#8221;Requisitos de edad&#8221; font_container=&#8221;tag:h4|text_align:left&#8221; use_theme_fonts=&#8221;yes&#8221; css=&#8221;&#8221;]\n\t\t\t\t\t<div class=\"wh-theme-icon vc_custom_1733181539043  scp_theme_icon-91300ecb2160f608d2565afe032eeeed\">\n\t\t\t\t<i class=\"icon-edarrow\"><\/i>\n\t\t\t<\/div>\n\t\t\t\t[vc_custom_heading text=&#8221;<b>Play Group:<\/b> 3 a\u00f1os cumplidos al 31 marzo 2027.&#8221; font_container=&#8221;tag:h6|font_size:14|text_align:left&#8221; use_theme_fonts=&#8221;yes&#8221; css=&#8221;.vc_custom_1773661492046{margin-bottom: 10px !important;padding-left: 18px !important;}&#8221;]\n\t\t\t\t\t<div class=\"wh-theme-icon vc_custom_1760111466178  scp_theme_icon-60ddfeba59397db9155c68085d1ef647\">\n\t\t\t\t<i class=\"icon-edarrow\"><\/i>\n\t\t\t<\/div>\n\t\t\t\t[vc_custom_heading text=&#8221;<b>Pre K\u00ednder:<\/b> 4 a\u00f1os cumplidos al 31 marzo 2027.&#8221; font_container=&#8221;tag:h6|font_size:14|text_align:left&#8221; use_theme_fonts=&#8221;yes&#8221; css=&#8221;.vc_custom_1773661501882{margin-bottom: 10px !important;padding-left: 18px !important;}&#8221;]\n\t\t\t\t\t<div class=\"wh-theme-icon vc_custom_1733181539043  scp_theme_icon-91300ecb2160f608d2565afe032eeeed\">\n\t\t\t\t<i class=\"icon-edarrow\"><\/i>\n\t\t\t<\/div>\n\t\t\t\t[vc_custom_heading text=&#8221;<b>K\u00ednder:<\/b> 5 a\u00f1os cumplidos al 31 marzo 2027.&#8221; font_container=&#8221;tag:h6|font_size:14|text_align:left&#8221; use_theme_fonts=&#8221;yes&#8221; css=&#8221;.vc_custom_1773661512718{margin-bottom: 10px !important;padding-left: 18px !important;}&#8221;]\n\t\t\t\t\t<div class=\"wh-theme-icon vc_custom_1733181539043  scp_theme_icon-91300ecb2160f608d2565afe032eeeed\">\n\t\t\t\t<i class=\"icon-edarrow\"><\/i>\n\t\t\t<\/div>\n\t\t\t\t[vc_custom_heading text=&#8221;<b>1\u00b0 B\u00e1sico:<\/b> 6 a\u00f1os cumplidos al 31 marzo 2027.&#8221; font_container=&#8221;tag:h6|font_size:14|text_align:left&#8221; use_theme_fonts=&#8221;yes&#8221; css=&#8221;.vc_custom_1773661522570{margin-bottom: 10px !important;padding-left: 18px !important;}&#8221;][\/vc_column_inner][\/vc_row_inner][vc_separator css=&#8221;&#8221;][vc_custom_heading text=&#8221;Documentos a presentar&#8221; font_container=&#8221;tag:h4|text_align:left&#8221; use_theme_fonts=&#8221;yes&#8221; css=&#8221;&#8221;][vc_column_text css=&#8221;&#8221;]<\/p>\n<ul>\n<li><strong>Ed. de P\u00e1rvulos: <\/strong>Certificado de nacimiento y todos los informes educacionales previos si estuvo en jard\u00edn infantil u otro colegio.<\/li>\n<li><strong>1\u00ba B\u00e1sico:<\/strong>\u00a0 Certificado de nacimiento e informe educacional k\u00ednder. *<\/li>\n<li><strong>2\u00ba B\u00e1sico: <\/strong>Certificado de nacimiento, certificado de promoci\u00f3n de 1\u00ba b\u00e1sico e informe de personalidad.<\/li>\n<li><strong>3\u00ba B\u00e1sico a III\u00ba Medio<\/strong><\/li>\n<li><strong>Requisitos de Notas <\/strong>Para postular desde\u00a0 3\u00b0 b\u00e1sico hasta III\u00b0 Medio, se requiere de un promedio m\u00ednimo de 6.0 y sin promedios descendidos (menor o igual a 4.0) en las asignaturas de Lenguaje, Matem\u00e1tica, Ciencias , Historia e Ingl\u00e9s.<\/li>\n<\/ul>\n<ol>\n<li>Certificado de Nacimiento<\/li>\n<li>Certificado de promoci\u00f3n de dos a\u00f1os anteriores ( al a\u00f1o que postula)<\/li>\n<li>Certificado de notas parciales a\u00f1o en curso.<\/li>\n<li>Informe de personalidad dos a\u00f1os anteriores. ( al a\u00f1o que postula).<\/li>\n<\/ol>\n<p><strong>\u00a0 \u00a0 \u00a0 \u00a0Documentos Generales (Play Group a III\u00b0 Medio)<\/strong><\/p>\n<ul>\n<li style=\"list-style-type: none;\">\n<ul>\n<li>Si su hijo (a) ha recibido atenci\u00f3n especializada (psicopedagogos, fonoaudi\u00f3logos, psiquiatras, neur\u00f3logo u otros), adjuntar informe, diagn\u00f3stico y\/o tratamiento.<\/li>\n<\/ul>\n<\/li>\n<\/ul>\n<p>[\/vc_column_text][vc_custom_heading text=&#8221;* Son considerados solamente como antecedente del postulante.&#8221; font_container=&#8221;tag:h6|text_align:left&#8221; use_theme_fonts=&#8221;yes&#8221; css=&#8221;&#8221;][vc_separator css=&#8221;&#8221;][vc_single_image image=&#8221;40567&#8243; img_size=&#8221;full&#8221; alignment=&#8221;center&#8221; css=&#8221;&#8221;][vc_separator css=&#8221;&#8221;][vc_column_text css=&#8221;&#8221;]<strong>Fono:<\/strong> 226176320 +56 9 8819 69 87<\/p>\n<p><strong>Correo:<\/strong>\u00a0admision@cmpe.cl[\/vc_column_text][\/vc_column][\/vc_row][vc_row][vc_column][\/vc_column][\/vc_row]<\/p>\n<\/div>","protected":false},"excerpt":{"rendered":"<p>[vc_row css=&#8221;.vc_custom_1491472723216{margin-bottom: 20px !important;}&#8221;][vc_column css=&#8221;.vc_custom_1490090587979{margin-bottom: 0px !important;}&#8221;][vc_row_inner][vc_column_inner][vc_custom_heading text=&#8221;Colegio Mayor Pe\u00f1alol\u00e9n les brinda la m\u00e1s cordial bienvenida al proceso de Admisi\u00f3n 2027. Nuestra misi\u00f3n es formar ni\u00f1os, ni\u00f1as y j\u00f3venes responsables y aut\u00f3nomos, que, interesados en el contexto humano, social, cultural y cient\u00edfico de nuestro pa\u00eds&nbsp;<a href=\"https:\/\/webpe.colegiomayor.cl\/?page_id=945\">&hellip;<\/a><\/p>\n","protected":false},"author":1,"featured_media":0,"parent":589,"menu_order":5,"comment_status":"closed","ping_status":"closed","template":"template-sidebar-right-childpages.php","meta":{"content-type":"","footnotes":""},"class_list":["post-945","page","type-page","status-publish","hentry","odd"],"rttpg_featured_image_url":null,"rttpg_author":{"display_name":"josefariesco@gmail.com","author_link":"https:\/\/webpe.colegiomayor.cl\/?author=1"},"rttpg_comment":0,"rttpg_category":null,"rttpg_excerpt":"[vc_row css=&#8221;.vc_custom_1491472723216{margin-bottom: 20px !important;}&#8221;][vc_column css=&#8221;.vc_custom_1490090587979{margin-bottom: 0px !important;}&#8221;][vc_row_inner][vc_column_inner][vc_custom_heading text=&#8221;Colegio Mayor Pe\u00f1alol\u00e9n les brinda la m\u00e1s cordial bienvenida al proceso de Admisi\u00f3n 2027. Nuestra misi\u00f3n es formar ni\u00f1os, ni\u00f1as y j\u00f3venes responsables y aut\u00f3nomos, que, interesados en el contexto humano, social, cultural y cient\u00edfico de nuestro pa\u00eds&nbsp;&hellip;","_links":{"self":[{"href":"https:\/\/webpe.colegiomayor.cl\/index.php?rest_route=\/wp\/v2\/pages\/945","targetHints":{"allow":["GET"]}}],"collection":[{"href":"https:\/\/webpe.colegiomayor.cl\/index.php?rest_route=\/wp\/v2\/pages"}],"about":[{"href":"https:\/\/webpe.colegiomayor.cl\/index.php?rest_route=\/wp\/v2\/types\/page"}],"author":[{"embeddable":true,"href":"https:\/\/webpe.colegiomayor.cl\/index.php?rest_route=\/wp\/v2\/users\/1"}],"replies":[{"embeddable":true,"href":"https:\/\/webpe.colegiomayor.cl\/index.php?rest_route=%2Fwp%2Fv2%2Fcomments&post=945"}],"version-history":[{"count":41,"href":"https:\/\/webpe.colegiomayor.cl\/index.php?rest_route=\/wp\/v2\/pages\/945\/revisions"}],"predecessor-version":[{"id":40650,"href":"https:\/\/webpe.colegiomayor.cl\/index.php?rest_route=\/wp\/v2\/pages\/945\/revisions\/40650"}],"up":[{"embeddable":true,"href":"https:\/\/webpe.colegiomayor.cl\/index.php?rest_route=\/wp\/v2\/pages\/589"}],"wp:attachment":[{"href":"https:\/\/webpe.colegiomayor.cl\/index.php?rest_route=%2Fwp%2Fv2%2Fmedia&parent=945"}],"curies":[{"name":"wp","href":"https:\/\/api.w.org\/{rel}","templated":true}]}}

<div class="wpb-content-wrapper"><p>[vc_row css=&#8221;.vc_custom_1491472723216{margin-bottom: 20px !important;}&#8221;][vc_column css=&#8221;.vc_custom_1490090587979{margin-bottom: 0px !important;}&#8221;][vc_row_inner][vc_column_inner][vc_custom_heading text=&#8221;Colegio Mayor Peñalolén les brinda la más cordial bienvenida al proceso de Admisión 2027.<br />
Nuestra misión es formar niños, niñas y jóvenes responsables y autónomos, que, interesados en el contexto humano, social, cultural y científico de nuestro país y el mundo, sean honestos, solidarios, respetuosos de la diversidad en cualquiera de las formas en que ella se expresa, promotores de una sana convivencia, firme en sus convicciones y amable con las personas, y que demuestren un alto compromiso con la sociedad y el desarrollo sustentable; asimismo, sean capaces de analizar, evaluar y cuestionar sistemáticamente distintas situaciones, así como comunicarse e interactuar de manera flexible con su entorno, proponiendo diversas y pertinentes alternativas para enfrentar individual y colaborativamente los desafíos de su vida.</p>
<p>Nuestro colegio mantiene abierto durante todo el año su proceso de Admisión escolar por lo que, publica y actualiza cada mes, en la página web institucional, el número de vacantes disponibles para los niveles de Play Group a III° Medio, los criterios generales de admisión, los plazos y fechas, los requisitos de las postulaciones, antecedentes y otros aspectos relacionados con este proceso, según la normativa vigente.</p>
<p>Para nuestro establecimiento educativo, la aplicación de medidas de marginación escolar como son la expulsión y la cancelación de matrícula, implica necesariamente que el estudiante sancionado (a) no podrá postular ni ser admitido en nuestra institución educativa en ningún proceso de admisión de los años siguientes. De lo anterior, se dejará constancia en la resolución que aplique la medida respectiva y se señalará además en la convocatoria pública que se realizará para el proceso de admisión respectivo, ,lo que aplica para el presente proceso.&#8221; font_container=&#8221;tag:h6|font_size:14|text_align:left&#8221; use_theme_fonts=&#8221;yes&#8221; css=&#8221;.vc_custom_1773859229420{margin-bottom: 10px !important;padding-left: 18px !important;}&#8221;][vc_custom_heading text=&#8221;Requisitos de los postulantes, antecedentes y documentación a presentar&#8221; font_container=&#8221;tag:h4|text_align:left&#8221; use_theme_fonts=&#8221;yes&#8221; css=&#8221;.vc_custom_1773662862110{margin-top: 0px !important;margin-bottom: 20px !important;}&#8221;][vc_column_text css=&#8221;&#8221;]</p>
<blockquote>
<h5>Completar  <a href="https://webpe.colegiomayor.cl/?page_id=557">Formulario de Postulación </a>online.</h5>
</blockquote>
<p>[/vc_column_text][vc_custom_heading text=&#8221;Requisitos de edad&#8221; font_container=&#8221;tag:h4|text_align:left&#8221; use_theme_fonts=&#8221;yes&#8221; css=&#8221;&#8221;]
					<div class="wh-theme-icon vc_custom_1733181539043  scp_theme_icon-91300ecb2160f608d2565afe032eeeed">
				<i class="icon-edarrow"></i>
			</div>
				[vc_custom_heading text=&#8221;<b>Play Group:</b> 3 años cumplidos al 31 marzo 2027.&#8221; font_container=&#8221;tag:h6|font_size:14|text_align:left&#8221; use_theme_fonts=&#8221;yes&#8221; css=&#8221;.vc_custom_1773661492046{margin-bottom: 10px !important;padding-left: 18px !important;}&#8221;]
					<div class="wh-theme-icon vc_custom_1760111466178  scp_theme_icon-60ddfeba59397db9155c68085d1ef647">
				<i class="icon-edarrow"></i>
			</div>
				[vc_custom_heading text=&#8221;<b>Pre Kínder:</b> 4 años cumplidos al 31 marzo 2027.&#8221; font_container=&#8221;tag:h6|font_size:14|text_align:left&#8221; use_theme_fonts=&#8221;yes&#8221; css=&#8221;.vc_custom_1773661501882{margin-bottom: 10px !important;padding-left: 18px !important;}&#8221;]
					<div class="wh-theme-icon vc_custom_1733181539043  scp_theme_icon-91300ecb2160f608d2565afe032eeeed">
				<i class="icon-edarrow"></i>
			</div>
				[vc_custom_heading text=&#8221;<b>Kínder:</b> 5 años cumplidos al 31 marzo 2027.&#8221; font_container=&#8221;tag:h6|font_size:14|text_align:left&#8221; use_theme_fonts=&#8221;yes&#8221; css=&#8221;.vc_custom_1773661512718{margin-bottom: 10px !important;padding-left: 18px !important;}&#8221;]
					<div class="wh-theme-icon vc_custom_1733181539043  scp_theme_icon-91300ecb2160f608d2565afe032eeeed">
				<i class="icon-edarrow"></i>
			</div>
				[vc_custom_heading text=&#8221;<b>1° Básico:</b> 6 años cumplidos al 31 marzo 2027.&#8221; font_container=&#8221;tag:h6|font_size:14|text_align:left&#8221; use_theme_fonts=&#8221;yes&#8221; css=&#8221;.vc_custom_1773661522570{margin-bottom: 10px !important;padding-left: 18px !important;}&#8221;][/vc_column_inner][/vc_row_inner][vc_separator css=&#8221;&#8221;][vc_custom_heading text=&#8221;Documentos a presentar&#8221; font_container=&#8221;tag:h4|text_align:left&#8221; use_theme_fonts=&#8221;yes&#8221; css=&#8221;&#8221;][vc_column_text css=&#8221;&#8221;]</p>
<ul>
<li><strong>Ed. de Párvulos: </strong>Certificado de nacimiento y todos los informes educacionales previos si estuvo en jardín infantil u otro colegio.</li>
<li><strong>1º Básico:</strong>  Certificado de nacimiento e informe educacional kínder. *</li>
<li><strong>2º Básico: </strong>Certificado de nacimiento, certificado de promoción de 1º básico e informe de personalidad.</li>
<li><strong>3º Básico a IIIº Medio</strong></li>
<li><strong>Requisitos de Notas </strong>Para postular desde  3° básico hasta III° Medio, se requiere de un promedio mínimo de 6.0 y sin promedios descendidos (menor o igual a 4.0) en las asignaturas de Lenguaje, Matemática, Ciencias , Historia e Inglés.</li>
</ul>
<ol>
<li>Certificado de Nacimiento</li>
<li>Certificado de promoción de dos años anteriores ( al año que postula)</li>
<li>Certificado de notas parciales año en curso.</li>
<li>Informe de personalidad dos años anteriores. ( al año que postula).</li>
</ol>
<p><strong>       Documentos Generales (Play Group a III° Medio)</strong></p>
<ul>
<li style="list-style-type: none;">
<ul>
<li>Si su hijo (a) ha recibido atención especializada (psicopedagogos, fonoaudiólogos, psiquiatras, neurólogo u otros), adjuntar informe, diagnóstico y/o tratamiento.</li>
</ul>
</li>
</ul>
<p>[/vc_column_text][vc_custom_heading text=&#8221;* Son considerados solamente como antecedente del postulante.&#8221; font_container=&#8221;tag:h6|text_align:left&#8221; use_theme_fonts=&#8221;yes&#8221; css=&#8221;&#8221;][vc_separator css=&#8221;&#8221;][vc_single_image image=&#8221;40567&#8243; img_size=&#8221;full&#8221; alignment=&#8221;center&#8221; css=&#8221;&#8221;][vc_separator css=&#8221;&#8221;][vc_column_text css=&#8221;&#8221;]<strong>Fono:</strong> 226176320 +56 9 8819 69 87</p>
<p><strong>Correo:</strong> admision@cmpe.cl[/vc_column_text][/vc_column][/vc_row][vc_row][vc_column][/vc_column][/vc_row]</p>
</div>

<p>[vc_row css=&#8221;.vc_custom_1491472723216{margin-bottom: 20px !important;}&#8221;][vc_column css=&#8221;.vc_custom_1490090587979{margin-bottom: 0px !important;}&#8221;][vc_row_inner][vc_column_inner][vc_custom_heading text=&#8221;Colegio Mayor Peñalolén les brinda la más cordial bienvenida al proceso de Admisión 2027. Nuestra misión es formar niños, niñas y jóvenes responsables y autónomos, que, interesados en el contexto humano, social, cultural y científico de nuestro país&nbsp;<a href="https://webpe.colegiomayor.cl/?page_id=945">&hellip;</a></p>

[vc_row css=&#8221;.vc_custom_1491472723216{margin-bottom: 20px !important;}&#8221;][vc_column css=&#8221;.vc_custom_1490090587979{margin-bottom: 0px !important;}&#8221;][vc_row_inner][vc_column_inner][vc_custom_heading text=&#8221;Colegio Mayor Peñalolén les brinda la más cordial bienvenida al proceso de Admisión 2027. Nuestra misión es formar niños, niñas y jóvenes responsables y autónomos, que, interesados en el contexto humano, social, cultural y científico de nuestro país&nbsp;&hellip;
