{"id":832,"date":"2024-12-03T18:58:17","date_gmt":"2024-12-03T21:58:17","guid":{"rendered":"https:\/\/webpe.colegiomayor.cl\/?page_id=832"},"modified":"2025-07-15T12:10:54","modified_gmt":"2025-07-15T15:10:54","slug":"cobertura-escolaridad","status":"publish","type":"page","link":"https:\/\/webpe.colegiomayor.cl\/?page_id=832","title":{"rendered":"Cobertura Individual de Escolaridad"},"content":{"rendered":"<div class=\"wpb-content-wrapper\"><p>[vc_row][vc_column css=&#8221;.vc_custom_1489757662264{margin-bottom: 0px !important;}&#8221;][vc_custom_heading text=&#8221;Cobertura Individual de Escolaridad&#8221; font_container=&#8221;tag:h1|text_align:left&#8221; use_theme_fonts=&#8221;yes&#8221; css=&#8221;.vc_custom_1733263141016{margin-top: 0px !important;margin-bottom: 20px !important;}&#8221;][vc_row_inner][vc_column_inner]\n\t\t\t\t\t<div class=\"wh-theme-icon vc_custom_1733181539043  scp_theme_icon-91300ecb2160f608d2565afe032eeeed\">\n\t\t\t\t<i class=\"icon-edarrow\"><\/i>\n\t\t\t<\/div>\n\t\t\t\t[vc_custom_heading text=&#8221;El Colegio Mayor, ante el fallecimiento o invalidez permanente 2\/3 del sostenedor del alumno beneficiaro, cubrir\u00e1 las colegiaturas correspondientes a arancel y matr\u00edcula anual por el tiempo que reste desde el momento en que el colegio sea notificado del siniestro hasta completar el 4\u00b0 a\u00f1o medio, dando cumplimiento a los requisitos que se se\u00f1alan m\u00e1s adelante.&#8221; font_container=&#8221;tag:h6|font_size:14|text_align:left&#8221; use_theme_fonts=&#8221;yes&#8221; css=&#8221;.vc_custom_1733263160066{margin-bottom: 10px !important;padding-left: 18px !important;}&#8221;]\n\t\t\t\t\t<div class=\"wh-theme-icon vc_custom_1733181539043  scp_theme_icon-91300ecb2160f608d2565afe032eeeed\">\n\t\t\t\t<i class=\"icon-edarrow\"><\/i>\n\t\t\t<\/div>\n\t\t\t\t[vc_custom_heading text=&#8221;Adicionalmente, ante el fallecimiento o invalidez permanente 2\/3 del padre o madre que no tenga la categor\u00eda de sostenedor pero que su labor o ingresos personales constituyan, acreditadamente, parte del sustento permanente del alumno, quedar\u00e1 cubierto el alumno beneficiario en las mismas condiciones que las se\u00f1aladas en el n\u00famero anterior.&#8221; font_container=&#8221;tag:h6|font_size:14|text_align:left&#8221; use_theme_fonts=&#8221;yes&#8221; css=&#8221;.vc_custom_1733263178466{margin-bottom: 10px !important;padding-left: 18px !important;}&#8221;]\n\t\t\t\t\t<div class=\"wh-theme-icon vc_custom_1733181539043  scp_theme_icon-91300ecb2160f608d2565afe032eeeed\">\n\t\t\t\t<i class=\"icon-edarrow\"><\/i>\n\t\t\t<\/div>\n\t\t\t\t[vc_custom_heading text=&#8221;Una vez que entre en vigencia la cobertura descrita anteriormente, su renovaci\u00f3n anual estar\u00e1 sujeta a que el alumno beneficiario no haya incurrido en ninguna falta que amerite la aplicaci\u00f3n de \u201cmatr\u00edcula condicional\u201d, en cualquiera de sus grados, en conformidad al Reglamento de Convivencia Vigente.&#8221; font_container=&#8221;tag:h6|font_size:14|text_align:left&#8221; use_theme_fonts=&#8221;yes&#8221; css=&#8221;.vc_custom_1733263199415{margin-bottom: 10px !important;padding-left: 18px !important;}&#8221;]\n\t\t\t\t\t<div class=\"wh-theme-icon vc_custom_1733181539043  scp_theme_icon-91300ecb2160f608d2565afe032eeeed\">\n\t\t\t\t<i class=\"icon-edarrow\"><\/i>\n\t\t\t<\/div>\n\t\t\t\t[vc_custom_heading text=&#8221;Se deja establecido que para acceder a la cobertura del beneficio, no se deben registrar morosidades ni protestos vigentes a la fecha del siniestro.&#8221; font_container=&#8221;tag:h6|font_size:14|text_align:left&#8221; use_theme_fonts=&#8221;yes&#8221; css=&#8221;.vc_custom_1733263217499{margin-bottom: 10px !important;padding-left: 18px !important;}&#8221;]\n\t\t\t\t\t<div class=\"wh-theme-icon vc_custom_1733181539043  scp_theme_icon-91300ecb2160f608d2565afe032eeeed\">\n\t\t\t\t<i class=\"icon-edarrow\"><\/i>\n\t\t\t<\/div>\n\t\t\t\t[vc_custom_heading text=&#8221;El siniestro, ya sea fallecimiento o invalidez permanente 2\/3 debe acreditarse mediante certificado del registro civil u organismo competente seg\u00fan el caso. La cobertura se aplicar\u00e1 a contar del mes siguiente al de la fecha de notificaci\u00f3n del siniestro.&#8221; font_container=&#8221;tag:h6|font_size:14|text_align:left&#8221; use_theme_fonts=&#8221;yes&#8221; css=&#8221;.vc_custom_1733263329882{margin-bottom: 10px !important;padding-left: 18px !important;}&#8221;]\n\t\t\t\t\t<div class=\"wh-theme-icon vc_custom_1733181539043  scp_theme_icon-91300ecb2160f608d2565afe032eeeed\">\n\t\t\t\t<i class=\"icon-edarrow\"><\/i>\n\t\t\t<\/div>\n\t\t\t\t[vc_custom_heading text=&#8221;La cobertura estar\u00e1 vigente en el intertanto el alumno beneficiario tenga la categor\u00eda de alumno regular, la que se adquiere a trav\u00e9s de la renovaci\u00f3n de matr\u00edcula anual, por tanto, es continua sin necesidad de per\u00edodo de preexistencia.&#8221; font_container=&#8221;tag:h6|font_size:14|text_align:left&#8221; use_theme_fonts=&#8221;yes&#8221; css=&#8221;.vc_custom_1733263353032{margin-bottom: 10px !important;padding-left: 18px !important;}&#8221;]\n\t\t\t\t\t<div class=\"wh-theme-icon vc_custom_1733181539043  scp_theme_icon-91300ecb2160f608d2565afe032eeeed\">\n\t\t\t\t<i class=\"icon-edarrow\"><\/i>\n\t\t\t<\/div>\n\t\t\t\t[vc_custom_heading text=&#8221;El Colegio certificara la asignaci\u00f3n del beneficio a trav\u00e9s de una resoluci\u00f3n del Director General del Colegio.&#8221; font_container=&#8221;tag:h6|font_size:14|text_align:left&#8221; use_theme_fonts=&#8221;yes&#8221; css=&#8221;.vc_custom_1733263374332{margin-bottom: 10px !important;padding-left: 18px !important;}&#8221;][\/vc_column_inner][\/vc_row_inner][\/vc_column][\/vc_row]<\/p>\n<\/div>","protected":false},"excerpt":{"rendered":"<p>[vc_row][vc_column css=&#8221;.vc_custom_1489757662264{margin-bottom: 0px !important;}&#8221;][vc_custom_heading text=&#8221;Cobertura Individual de Escolaridad&#8221; font_container=&#8221;tag:h1|text_align:left&#8221; use_theme_fonts=&#8221;yes&#8221; css=&#8221;.vc_custom_1733263141016{margin-top: 0px !important;margin-bottom: 20px !important;}&#8221;][vc_row_inner][vc_column_inner][vc_custom_heading text=&#8221;El Colegio Mayor, ante el fallecimiento o invalidez permanente 2\/3 del sostenedor del alumno beneficiaro, cubrir\u00e1 las colegiaturas correspondientes a arancel y matr\u00edcula anual por el tiempo que reste desde&nbsp;<a href=\"https:\/\/webpe.colegiomayor.cl\/?page_id=832\">&hellip;<\/a><\/p>\n","protected":false},"author":1,"featured_media":0,"parent":978,"menu_order":10,"comment_status":"closed","ping_status":"closed","template":"template-sidebar-right-childpages.php","meta":{"content-type":"","footnotes":""},"class_list":["post-832","page","type-page","status-publish","hentry","odd"],"rttpg_featured_image_url":null,"rttpg_author":{"display_name":"josefariesco@gmail.com","author_link":"https:\/\/webpe.colegiomayor.cl\/?author=1"},"rttpg_comment":0,"rttpg_category":null,"rttpg_excerpt":"[vc_row][vc_column css=&#8221;.vc_custom_1489757662264{margin-bottom: 0px !important;}&#8221;][vc_custom_heading text=&#8221;Cobertura Individual de Escolaridad&#8221; font_container=&#8221;tag:h1|text_align:left&#8221; use_theme_fonts=&#8221;yes&#8221; css=&#8221;.vc_custom_1733263141016{margin-top: 0px !important;margin-bottom: 20px !important;}&#8221;][vc_row_inner][vc_column_inner][vc_custom_heading text=&#8221;El Colegio Mayor, ante el fallecimiento o invalidez permanente 2\/3 del sostenedor del alumno beneficiaro, cubrir\u00e1 las colegiaturas correspondientes a arancel y matr\u00edcula anual por el tiempo que reste desde&nbsp;&hellip;","_links":{"self":[{"href":"https:\/\/webpe.colegiomayor.cl\/index.php?rest_route=\/wp\/v2\/pages\/832","targetHints":{"allow":["GET"]}}],"collection":[{"href":"https:\/\/webpe.colegiomayor.cl\/index.php?rest_route=\/wp\/v2\/pages"}],"about":[{"href":"https:\/\/webpe.colegiomayor.cl\/index.php?rest_route=\/wp\/v2\/types\/page"}],"author":[{"embeddable":true,"href":"https:\/\/webpe.colegiomayor.cl\/index.php?rest_route=\/wp\/v2\/users\/1"}],"replies":[{"embeddable":true,"href":"https:\/\/webpe.colegiomayor.cl\/index.php?rest_route=%2Fwp%2Fv2%2Fcomments&post=832"}],"version-history":[{"count":2,"href":"https:\/\/webpe.colegiomayor.cl\/index.php?rest_route=\/wp\/v2\/pages\/832\/revisions"}],"predecessor-version":[{"id":835,"href":"https:\/\/webpe.colegiomayor.cl\/index.php?rest_route=\/wp\/v2\/pages\/832\/revisions\/835"}],"up":[{"embeddable":true,"href":"https:\/\/webpe.colegiomayor.cl\/index.php?rest_route=\/wp\/v2\/pages\/978"}],"wp:attachment":[{"href":"https:\/\/webpe.colegiomayor.cl\/index.php?rest_route=%2Fwp%2Fv2%2Fmedia&parent=832"}],"curies":[{"name":"wp","href":"https:\/\/api.w.org\/{rel}","templated":true}]}}

<div class="wpb-content-wrapper"><p>[vc_row][vc_column css=&#8221;.vc_custom_1489757662264{margin-bottom: 0px !important;}&#8221;][vc_custom_heading text=&#8221;Cobertura Individual de Escolaridad&#8221; font_container=&#8221;tag:h1|text_align:left&#8221; use_theme_fonts=&#8221;yes&#8221; css=&#8221;.vc_custom_1733263141016{margin-top: 0px !important;margin-bottom: 20px !important;}&#8221;][vc_row_inner][vc_column_inner]
					<div class="wh-theme-icon vc_custom_1733181539043  scp_theme_icon-91300ecb2160f608d2565afe032eeeed">
				<i class="icon-edarrow"></i>
			</div>
				[vc_custom_heading text=&#8221;El Colegio Mayor, ante el fallecimiento o invalidez permanente 2/3 del sostenedor del alumno beneficiaro, cubrirá las colegiaturas correspondientes a arancel y matrícula anual por el tiempo que reste desde el momento en que el colegio sea notificado del siniestro hasta completar el 4° año medio, dando cumplimiento a los requisitos que se señalan más adelante.&#8221; font_container=&#8221;tag:h6|font_size:14|text_align:left&#8221; use_theme_fonts=&#8221;yes&#8221; css=&#8221;.vc_custom_1733263160066{margin-bottom: 10px !important;padding-left: 18px !important;}&#8221;]
					<div class="wh-theme-icon vc_custom_1733181539043  scp_theme_icon-91300ecb2160f608d2565afe032eeeed">
				<i class="icon-edarrow"></i>
			</div>
				[vc_custom_heading text=&#8221;Adicionalmente, ante el fallecimiento o invalidez permanente 2/3 del padre o madre que no tenga la categoría de sostenedor pero que su labor o ingresos personales constituyan, acreditadamente, parte del sustento permanente del alumno, quedará cubierto el alumno beneficiario en las mismas condiciones que las señaladas en el número anterior.&#8221; font_container=&#8221;tag:h6|font_size:14|text_align:left&#8221; use_theme_fonts=&#8221;yes&#8221; css=&#8221;.vc_custom_1733263178466{margin-bottom: 10px !important;padding-left: 18px !important;}&#8221;]
					<div class="wh-theme-icon vc_custom_1733181539043  scp_theme_icon-91300ecb2160f608d2565afe032eeeed">
				<i class="icon-edarrow"></i>
			</div>
				[vc_custom_heading text=&#8221;Una vez que entre en vigencia la cobertura descrita anteriormente, su renovación anual estará sujeta a que el alumno beneficiario no haya incurrido en ninguna falta que amerite la aplicación de “matrícula condicional”, en cualquiera de sus grados, en conformidad al Reglamento de Convivencia Vigente.&#8221; font_container=&#8221;tag:h6|font_size:14|text_align:left&#8221; use_theme_fonts=&#8221;yes&#8221; css=&#8221;.vc_custom_1733263199415{margin-bottom: 10px !important;padding-left: 18px !important;}&#8221;]
					<div class="wh-theme-icon vc_custom_1733181539043  scp_theme_icon-91300ecb2160f608d2565afe032eeeed">
				<i class="icon-edarrow"></i>
			</div>
				[vc_custom_heading text=&#8221;Se deja establecido que para acceder a la cobertura del beneficio, no se deben registrar morosidades ni protestos vigentes a la fecha del siniestro.&#8221; font_container=&#8221;tag:h6|font_size:14|text_align:left&#8221; use_theme_fonts=&#8221;yes&#8221; css=&#8221;.vc_custom_1733263217499{margin-bottom: 10px !important;padding-left: 18px !important;}&#8221;]
					<div class="wh-theme-icon vc_custom_1733181539043  scp_theme_icon-91300ecb2160f608d2565afe032eeeed">
				<i class="icon-edarrow"></i>
			</div>
				[vc_custom_heading text=&#8221;El siniestro, ya sea fallecimiento o invalidez permanente 2/3 debe acreditarse mediante certificado del registro civil u organismo competente según el caso. La cobertura se aplicará a contar del mes siguiente al de la fecha de notificación del siniestro.&#8221; font_container=&#8221;tag:h6|font_size:14|text_align:left&#8221; use_theme_fonts=&#8221;yes&#8221; css=&#8221;.vc_custom_1733263329882{margin-bottom: 10px !important;padding-left: 18px !important;}&#8221;]
					<div class="wh-theme-icon vc_custom_1733181539043  scp_theme_icon-91300ecb2160f608d2565afe032eeeed">
				<i class="icon-edarrow"></i>
			</div>
				[vc_custom_heading text=&#8221;La cobertura estará vigente en el intertanto el alumno beneficiario tenga la categoría de alumno regular, la que se adquiere a través de la renovación de matrícula anual, por tanto, es continua sin necesidad de período de preexistencia.&#8221; font_container=&#8221;tag:h6|font_size:14|text_align:left&#8221; use_theme_fonts=&#8221;yes&#8221; css=&#8221;.vc_custom_1733263353032{margin-bottom: 10px !important;padding-left: 18px !important;}&#8221;]
					<div class="wh-theme-icon vc_custom_1733181539043  scp_theme_icon-91300ecb2160f608d2565afe032eeeed">
				<i class="icon-edarrow"></i>
			</div>
				[vc_custom_heading text=&#8221;El Colegio certificara la asignación del beneficio a través de una resolución del Director General del Colegio.&#8221; font_container=&#8221;tag:h6|font_size:14|text_align:left&#8221; use_theme_fonts=&#8221;yes&#8221; css=&#8221;.vc_custom_1733263374332{margin-bottom: 10px !important;padding-left: 18px !important;}&#8221;][/vc_column_inner][/vc_row_inner][/vc_column][/vc_row]</p>
</div>

<p>[vc_row][vc_column css=&#8221;.vc_custom_1489757662264{margin-bottom: 0px !important;}&#8221;][vc_custom_heading text=&#8221;Cobertura Individual de Escolaridad&#8221; font_container=&#8221;tag:h1|text_align:left&#8221; use_theme_fonts=&#8221;yes&#8221; css=&#8221;.vc_custom_1733263141016{margin-top: 0px !important;margin-bottom: 20px !important;}&#8221;][vc_row_inner][vc_column_inner][vc_custom_heading text=&#8221;El Colegio Mayor, ante el fallecimiento o invalidez permanente 2/3 del sostenedor del alumno beneficiaro, cubrirá las colegiaturas correspondientes a arancel y matrícula anual por el tiempo que reste desde&nbsp;<a href="https://webpe.colegiomayor.cl/?page_id=832">&hellip;</a></p>

[vc_row][vc_column css=&#8221;.vc_custom_1489757662264{margin-bottom: 0px !important;}&#8221;][vc_custom_heading text=&#8221;Cobertura Individual de Escolaridad&#8221; font_container=&#8221;tag:h1|text_align:left&#8221; use_theme_fonts=&#8221;yes&#8221; css=&#8221;.vc_custom_1733263141016{margin-top: 0px !important;margin-bottom: 20px !important;}&#8221;][vc_row_inner][vc_column_inner][vc_custom_heading text=&#8221;El Colegio Mayor, ante el fallecimiento o invalidez permanente 2/3 del sostenedor del alumno beneficiaro, cubrirá las colegiaturas correspondientes a arancel y matrícula anual por el tiempo que reste desde&nbsp;&hellip;
