{"id":799,"date":"2024-12-02T19:53:25","date_gmt":"2024-12-02T22:53:25","guid":{"rendered":"https:\/\/webpe.colegiomayor.cl\/?page_id=799"},"modified":"2024-12-03T19:24:13","modified_gmt":"2024-12-03T22:24:13","slug":"convivencia-escolar","status":"publish","type":"page","link":"https:\/\/webpe.colegiomayor.cl\/?page_id=799","title":{"rendered":"Convivencia escolar"},"content":{"rendered":"<div class=\"wpb-content-wrapper\"><p>[vc_row][vc_column css=&#8221;.vc_custom_1489757662264{margin-bottom: 0px !important;}&#8221;][vc_custom_heading text=&#8221;Plan de Gesti\u00f3n para la Buena Convivencia Escolar&#8221; font_container=&#8221;tag:h1|text_align:left&#8221; use_theme_fonts=&#8221;yes&#8221; css=&#8221;.vc_custom_1733180125876{margin-top: 0px !important;margin-bottom: 20px !important;}&#8221;][vc_column_text css=&#8221;&#8221;]Convivir es una acci\u00f3n clave para compartir la vida con otros, es aprender de las propias habilidades sociales, reconociendo y valorando las de los dem\u00e1s. Para lograr tal aprendizaje, se debe propender hacia el amor, la generosidad y el reconocimiento de nuestras propias emociones. Como colegio nos preocupamos por desarrollar estas valoraciones en nuestros alumnos y alumnas generando un ambiente de bienvivir, haci\u00e9ndolos conscientes de lo importante que es vivir en comunidad, desarrollando as\u00ed la sensibilidad por el que est\u00e1 a su lado, sin importar las diferencias personales, sociales, etnia, etc.<\/p>\n<p>Estimulamos en nuestros alumnos el ejercicio permanente de la escucha, el acercamiento y la valoraci\u00f3n por sus compa\u00f1eros, lo que resulta clave para lograr un ser humano m\u00e1s feliz, m\u00e1s contento consigo mismo, un ciudadano en contacto con su cuerpo y con su mente, en armon\u00eda con su entorno inmediato. Todas estas acciones son necesarias para que nuestros alumnos se puedan desenvolver en este mundo global con tan poco contacto afectivo.<\/p>\n<p>Nuestro colegio est\u00e1 consciente de estas falencias sociales, es por esto que queremos contribuir con personas socio-constructivas, con ciudadanos involucrados, con seres proactivos, dispuestos a compartir su capital cultural, con pensamiento cr\u00edtico y con la capacidad de visibilizar a los otros, ciudadanos activos, creativos, capaces de dialogar siendo conscientes tanto de sus fortalezas como de sus debilidades.<\/p>\n<p>El convivir demanda una serie de gestos por el otro, la sociedad actualmente necesita de seres humanos dispuestos a contribuir con el bienvivir, para construir una sociedad mejor, basada en buenas y sanas relaciones. De esta forma, estaremos favoreciendo el aprender en profundidad.<\/p>\n<p>Contribuir al acto de convivir, es formar personas que se caractericen por su buen trato, por ser respetuosas, solidarias, dem\u00f3cratas y con gran compromiso por el desarrollo del pa\u00eds donde la colaboraci\u00f3n juega un rol fundamental.<\/p>\n<p>Finalmente, tanto el estamento directivo como el personal institucional orientan su quehacer educativo con inclusi\u00f3n y participaci\u00f3n de toda la comunidad educativa, gener\u00e1ndose espacios democr\u00e1ticos en la toma de decisiones y en la creaci\u00f3n de un ambiente proclive al aprendizaje.[\/vc_column_text][vc_separator border_width=&#8221;4&#8243;][vc_single_image image=&#8221;389&#8243; img_size=&#8221;full&#8221; css_animation=&#8221;fadeIn&#8221; css=&#8221;&#8221;][\/vc_column][\/vc_row]<\/p>\n<\/div>","protected":false},"excerpt":{"rendered":"<p>[vc_row][vc_column css=&#8221;.vc_custom_1489757662264{margin-bottom: 0px !important;}&#8221;][vc_custom_heading text=&#8221;Plan de Gesti\u00f3n para la Buena Convivencia Escolar&#8221; font_container=&#8221;tag:h1|text_align:left&#8221; use_theme_fonts=&#8221;yes&#8221; css=&#8221;.vc_custom_1733180125876{margin-top: 0px !important;margin-bottom: 20px !important;}&#8221;][vc_column_text css=&#8221;&#8221;]Convivir es una acci\u00f3n clave para compartir la vida con otros, es aprender de las propias habilidades sociales, reconociendo y valorando las de los dem\u00e1s. Para&nbsp;<a href=\"https:\/\/webpe.colegiomayor.cl\/?page_id=799\">&hellip;<\/a><\/p>\n","protected":false},"author":1,"featured_media":0,"parent":854,"menu_order":4,"comment_status":"closed","ping_status":"closed","template":"template-sidebar-right-childpages.php","meta":{"content-type":"","footnotes":""},"class_list":["post-799","page","type-page","status-publish","hentry","odd"],"rttpg_featured_image_url":null,"rttpg_author":{"display_name":"josefariesco@gmail.com","author_link":"https:\/\/webpe.colegiomayor.cl\/?author=1"},"rttpg_comment":0,"rttpg_category":null,"rttpg_excerpt":"[vc_row][vc_column css=&#8221;.vc_custom_1489757662264{margin-bottom: 0px !important;}&#8221;][vc_custom_heading text=&#8221;Plan de Gesti\u00f3n para la Buena Convivencia Escolar&#8221; font_container=&#8221;tag:h1|text_align:left&#8221; use_theme_fonts=&#8221;yes&#8221; css=&#8221;.vc_custom_1733180125876{margin-top: 0px !important;margin-bottom: 20px !important;}&#8221;][vc_column_text css=&#8221;&#8221;]Convivir es una acci\u00f3n clave para compartir la vida con otros, es aprender de las propias habilidades sociales, reconociendo y valorando las de los dem\u00e1s. Para&nbsp;&hellip;","_links":{"self":[{"href":"https:\/\/webpe.colegiomayor.cl\/index.php?rest_route=\/wp\/v2\/pages\/799","targetHints":{"allow":["GET"]}}],"collection":[{"href":"https:\/\/webpe.colegiomayor.cl\/index.php?rest_route=\/wp\/v2\/pages"}],"about":[{"href":"https:\/\/webpe.colegiomayor.cl\/index.php?rest_route=\/wp\/v2\/types\/page"}],"author":[{"embeddable":true,"href":"https:\/\/webpe.colegiomayor.cl\/index.php?rest_route=\/wp\/v2\/users\/1"}],"replies":[{"embeddable":true,"href":"https:\/\/webpe.colegiomayor.cl\/index.php?rest_route=%2Fwp%2Fv2%2Fcomments&post=799"}],"version-history":[{"count":3,"href":"https:\/\/webpe.colegiomayor.cl\/index.php?rest_route=\/wp\/v2\/pages\/799\/revisions"}],"predecessor-version":[{"id":804,"href":"https:\/\/webpe.colegiomayor.cl\/index.php?rest_route=\/wp\/v2\/pages\/799\/revisions\/804"}],"up":[{"embeddable":true,"href":"https:\/\/webpe.colegiomayor.cl\/index.php?rest_route=\/wp\/v2\/pages\/854"}],"wp:attachment":[{"href":"https:\/\/webpe.colegiomayor.cl\/index.php?rest_route=%2Fwp%2Fv2%2Fmedia&parent=799"}],"curies":[{"name":"wp","href":"https:\/\/api.w.org\/{rel}","templated":true}]}}

<div class="wpb-content-wrapper"><p>[vc_row][vc_column css=&#8221;.vc_custom_1489757662264{margin-bottom: 0px !important;}&#8221;][vc_custom_heading text=&#8221;Plan de Gestión para la Buena Convivencia Escolar&#8221; font_container=&#8221;tag:h1|text_align:left&#8221; use_theme_fonts=&#8221;yes&#8221; css=&#8221;.vc_custom_1733180125876{margin-top: 0px !important;margin-bottom: 20px !important;}&#8221;][vc_column_text css=&#8221;&#8221;]Convivir es una acción clave para compartir la vida con otros, es aprender de las propias habilidades sociales, reconociendo y valorando las de los demás. Para lograr tal aprendizaje, se debe propender hacia el amor, la generosidad y el reconocimiento de nuestras propias emociones. Como colegio nos preocupamos por desarrollar estas valoraciones en nuestros alumnos y alumnas generando un ambiente de bienvivir, haciéndolos conscientes de lo importante que es vivir en comunidad, desarrollando así la sensibilidad por el que está a su lado, sin importar las diferencias personales, sociales, etnia, etc.</p>
<p>Estimulamos en nuestros alumnos el ejercicio permanente de la escucha, el acercamiento y la valoración por sus compañeros, lo que resulta clave para lograr un ser humano más feliz, más contento consigo mismo, un ciudadano en contacto con su cuerpo y con su mente, en armonía con su entorno inmediato. Todas estas acciones son necesarias para que nuestros alumnos se puedan desenvolver en este mundo global con tan poco contacto afectivo.</p>
<p>Nuestro colegio está consciente de estas falencias sociales, es por esto que queremos contribuir con personas socio-constructivas, con ciudadanos involucrados, con seres proactivos, dispuestos a compartir su capital cultural, con pensamiento crítico y con la capacidad de visibilizar a los otros, ciudadanos activos, creativos, capaces de dialogar siendo conscientes tanto de sus fortalezas como de sus debilidades.</p>
<p>El convivir demanda una serie de gestos por el otro, la sociedad actualmente necesita de seres humanos dispuestos a contribuir con el bienvivir, para construir una sociedad mejor, basada en buenas y sanas relaciones. De esta forma, estaremos favoreciendo el aprender en profundidad.</p>
<p>Contribuir al acto de convivir, es formar personas que se caractericen por su buen trato, por ser respetuosas, solidarias, demócratas y con gran compromiso por el desarrollo del país donde la colaboración juega un rol fundamental.</p>
<p>Finalmente, tanto el estamento directivo como el personal institucional orientan su quehacer educativo con inclusión y participación de toda la comunidad educativa, generándose espacios democráticos en la toma de decisiones y en la creación de un ambiente proclive al aprendizaje.[/vc_column_text][vc_separator border_width=&#8221;4&#8243;][vc_single_image image=&#8221;389&#8243; img_size=&#8221;full&#8221; css_animation=&#8221;fadeIn&#8221; css=&#8221;&#8221;][/vc_column][/vc_row]</p>
</div>

<p>[vc_row][vc_column css=&#8221;.vc_custom_1489757662264{margin-bottom: 0px !important;}&#8221;][vc_custom_heading text=&#8221;Plan de Gestión para la Buena Convivencia Escolar&#8221; font_container=&#8221;tag:h1|text_align:left&#8221; use_theme_fonts=&#8221;yes&#8221; css=&#8221;.vc_custom_1733180125876{margin-top: 0px !important;margin-bottom: 20px !important;}&#8221;][vc_column_text css=&#8221;&#8221;]Convivir es una acción clave para compartir la vida con otros, es aprender de las propias habilidades sociales, reconociendo y valorando las de los demás. Para&nbsp;<a href="https://webpe.colegiomayor.cl/?page_id=799">&hellip;</a></p>

[vc_row][vc_column css=&#8221;.vc_custom_1489757662264{margin-bottom: 0px !important;}&#8221;][vc_custom_heading text=&#8221;Plan de Gestión para la Buena Convivencia Escolar&#8221; font_container=&#8221;tag:h1|text_align:left&#8221; use_theme_fonts=&#8221;yes&#8221; css=&#8221;.vc_custom_1733180125876{margin-top: 0px !important;margin-bottom: 20px !important;}&#8221;][vc_column_text css=&#8221;&#8221;]Convivir es una acción clave para compartir la vida con otros, es aprender de las propias habilidades sociales, reconociendo y valorando las de los demás. Para&nbsp;&hellip;
