{"id":637,"date":"2024-11-28T01:45:47","date_gmt":"2024-11-28T04:45:47","guid":{"rendered":"https:\/\/webpe.colegiomayor.cl\/?page_id=637"},"modified":"2025-07-15T12:29:51","modified_gmt":"2025-07-15T15:29:51","slug":"departamento-de-ingles-colegio-mayor-de-penalolen","status":"publish","type":"page","link":"https:\/\/webpe.colegiomayor.cl\/?page_id=637","title":{"rendered":"Departamento de Ingl\u00e9s Colegio Mayor de Pe\u00f1alol\u00e9n"},"content":{"rendered":"<div class=\"wpb-content-wrapper\"><p>[vc_row][vc_column css=&#8221;.vc_custom_1489757662264{margin-bottom: 0px !important;}&#8221;][vc_custom_heading text=&#8221;Departamento de Ingl\u00e9s Colegio Mayor de Pe\u00f1alol\u00e9n&#8221; font_container=&#8221;tag:h1|text_align:left&#8221; use_theme_fonts=&#8221;yes&#8221; css=&#8221;.vc_custom_1752593179522{margin-top: 0px !important;margin-bottom: 20px !important;}&#8221;][vc_column_text css=&#8221;&#8221;]<\/p>\n<p data-start=\"238\" data-end=\"615\"><strong data-start=\"238\" data-end=\"402\">A partir del a\u00f1o 2023 se trabajaron y presentaron los programas propios de Ingl\u00e9s en el Ministerio de Educaci\u00f3n, los cuales fueron aceptados sin indicaciones.<\/strong><br data-start=\"402\" data-end=\"405\" \/>El a\u00f1o 2024 se implementaron los Programas propios, los cuales est\u00e1n alineados a<br data-start=\"485\" data-end=\"488\" \/>nuestro PEI e implica que todos los estudiantes deber\u00edan alcanzar un nivel B2 de<br data-start=\"568\" data-end=\"571\" \/>ingl\u00e9s en IV\u00b0 medio (nivel intermedio alto).<\/p>\n<p data-start=\"617\" data-end=\"755\"><strong data-start=\"617\" data-end=\"755\">Todos los profesores de ingl\u00e9s del departamento est\u00e1n certificados y tienen el nivel<br data-start=\"703\" data-end=\"706\" \/>adecuado seg\u00fan los niveles en los que trabajan.<\/strong><\/p>\n<p data-start=\"757\" data-end=\"1123\"><strong data-start=\"757\" data-end=\"921\">Desde 1\u00b0 b\u00e1sico hasta III\u00b0 medio los estudiantes utilizan textos de editorial<br data-start=\"836\" data-end=\"839\" \/>Cambridge y adem\u00e1s tienen lecturas complementarias en ingl\u00e9s, con e objetivo de.<\/strong><br data-start=\"921\" data-end=\"924\" \/>Con la idea de que los contenidos est\u00e9n alineados y articulados, logrando as\u00ed que<br data-start=\"1005\" data-end=\"1008\" \/>los estudiantes se encuentren preparados para rendir las examinaciones<br data-start=\"1078\" data-end=\"1081\" \/>internacionales de esta misma universidad.<\/p>\n<p data-start=\"1125\" data-end=\"1442\"><strong data-start=\"1125\" data-end=\"1144\">Desde este a\u00f1o:<\/strong><br data-start=\"1144\" data-end=\"1147\" \/>Preparamos a los estudiantes para los ex\u00e1menes A2 Key (KET), B1<br data-start=\"1210\" data-end=\"1213\" \/>Preliminary (PET) y B2 First (FCE) de la universidad de Cambridge lo que<br data-start=\"1285\" data-end=\"1288\" \/>implica el reforzamiento de las cuatro habilidades del idioma (comprensi\u00f3n<br data-start=\"1362\" data-end=\"1365\" \/>lectora y oral, producci\u00f3n escrita y oral), por lo que este a\u00f1o realizaremos:<\/p>\n<ul data-start=\"1444\" data-end=\"1549\">\n<li data-start=\"1444\" data-end=\"1486\">\n<p data-start=\"1446\" data-end=\"1486\">Entrevista orales KET nivel 6\u00b0 b\u00e1sico.<\/p>\n<\/li>\n<li data-start=\"1487\" data-end=\"1519\">\n<p data-start=\"1489\" data-end=\"1519\">Ensayo FCE nivel III\u00b0 medio.<\/p>\n<\/li>\n<li data-start=\"1520\" data-end=\"1549\">\n<p data-start=\"1522\" data-end=\"1549\">Ensayo PET nivel 8\u00b0 b\u00e1sico.<\/p>\n<\/li>\n<\/ul>\n<p data-start=\"1551\" data-end=\"1668\"><strong data-start=\"1551\" data-end=\"1668\">Los estudiantes de pre-b\u00e1sica tienen una hora de ingl\u00e9s de lunes a viernes<br data-start=\"1627\" data-end=\"1630\" \/>para maximizar exposici\u00f3n al idioma.<\/strong><\/p>\n<p data-start=\"1670\" data-end=\"2526\">Desde 1\u00b0 b\u00e1sico a II\u00b0 Medio, cuentan con 6 hrs. semanales de Ingl\u00e9s.<br data-start=\"1738\" data-end=\"1741\" \/>Desde II\u00b0 Medio, se prepara a los estudiantes para el examen FCE de la<br data-start=\"1811\" data-end=\"1814\" \/>universidad de Cambridge, que se rinde en III\u00b0 Medio.<br data-start=\"1867\" data-end=\"1870\" \/>Todos los a\u00f1os, alrededor de 30 estudiantes de III\u00b0Medio todos los a\u00f1os dan<br data-start=\"1945\" data-end=\"1948\" \/>el examen FCE y reciben certificaci\u00f3n, lo que se espera ir aumentando dado<br data-start=\"2022\" data-end=\"2025\" \/>el beneficio que aporta a los estudiantes en su desempe\u00f1o universitario y<br data-start=\"2098\" data-end=\"2101\" \/>posteriormente laboral.<br data-start=\"2124\" data-end=\"2127\" \/>Se potencia el trabajo de las cuatro habilidades del idioma, en especial las<br data-start=\"2203\" data-end=\"2206\" \/>productivas en lo oral y escrito.<br data-start=\"2239\" data-end=\"2242\" \/>Se gener\u00f3 una alianza con la Universidad Cat\u00f3lica, espec\u00edficamente English<br data-start=\"2316\" data-end=\"2319\" \/>UC lo que implica que el colegio es centro de examinaci\u00f3n de Cambridge.<br data-start=\"2390\" data-end=\"2393\" \/>Lo anterior favorece los niveles de ansiedad en nuestros estudiantes al que<br data-start=\"2468\" data-end=\"2471\" \/>rendir el examen FCE en las dependencias de su colegio.<\/p>\n<p data-start=\"2528\" data-end=\"2598\"><strong data-start=\"2528\" data-end=\"2598\">Algunas de las Actividades que visualizan el desarrollo del idioma<\/strong><\/p>\n<ul data-start=\"2600\" data-end=\"2955\">\n<li data-start=\"2600\" data-end=\"2672\">\n<p data-start=\"2602\" data-end=\"2672\">Participaci\u00f3n Competencia Interescolar Spelling Bee nivel 8\u00b0 b\u00e1sico.<\/p>\n<\/li>\n<li data-start=\"2673\" data-end=\"2719\">\n<p data-start=\"2675\" data-end=\"2719\">Spelling Bee (estudiantes de 3\u00b0-7\u00b0 b\u00e1sico)<\/p>\n<\/li>\n<li data-start=\"2720\" data-end=\"2781\">\n<p data-start=\"2722\" data-end=\"2781\">Celebraci\u00f3n 100 Days of School (estudiantes de 1er ciclo)<\/p>\n<\/li>\n<li data-start=\"2782\" data-end=\"2842\">\n<p data-start=\"2784\" data-end=\"2842\">Celebraci\u00f3n English Week (estudiantes de 2\u00b0 y 3er ciclo)<\/p>\n<\/li>\n<li data-start=\"2843\" data-end=\"2908\">\n<p data-start=\"2845\" data-end=\"2908\">Ceremonia entrega de certificados FCE a alumnos de IV\u00b0 medio.<\/p>\n<\/li>\n<li data-start=\"2909\" data-end=\"2955\">\n<p data-start=\"2911\" data-end=\"2955\">Muestras de aprendizaje 1er, 2\u00b0 y 3er ciclo.<\/p>\n<\/li>\n<\/ul>\n<p>[\/vc_column_text][vc_separator border_width=&#8221;4&#8243;][vc_single_image image=&#8221;640&#8243; img_size=&#8221;full&#8221; css_animation=&#8221;fadeIn&#8221; css=&#8221;&#8221;][\/vc_column][\/vc_row]<\/p>\n<\/div>","protected":false},"excerpt":{"rendered":"<p>[vc_row][vc_column css=&#8221;.vc_custom_1489757662264{margin-bottom: 0px !important;}&#8221;][vc_custom_heading text=&#8221;Departamento de Ingl\u00e9s Colegio Mayor de Pe\u00f1alol\u00e9n&#8221; font_container=&#8221;tag:h1|text_align:left&#8221; use_theme_fonts=&#8221;yes&#8221; css=&#8221;.vc_custom_1752593179522{margin-top: 0px !important;margin-bottom: 20px !important;}&#8221;][vc_column_text css=&#8221;&#8221;] A partir del a\u00f1o 2023 se trabajaron y presentaron los programas propios de Ingl\u00e9s en el Ministerio de Educaci\u00f3n, los cuales fueron aceptados sin indicaciones.El a\u00f1o&nbsp;<a href=\"https:\/\/webpe.colegiomayor.cl\/?page_id=637\">&hellip;<\/a><\/p>\n","protected":false},"author":1,"featured_media":0,"parent":602,"menu_order":5,"comment_status":"closed","ping_status":"closed","template":"template-sidebar-right-childpages.php","meta":{"content-type":"","footnotes":""},"class_list":["post-637","page","type-page","status-publish","hentry","odd"],"rttpg_featured_image_url":null,"rttpg_author":{"display_name":"josefariesco@gmail.com","author_link":"https:\/\/webpe.colegiomayor.cl\/?author=1"},"rttpg_comment":0,"rttpg_category":null,"rttpg_excerpt":"[vc_row][vc_column css=&#8221;.vc_custom_1489757662264{margin-bottom: 0px !important;}&#8221;][vc_custom_heading text=&#8221;Departamento de Ingl\u00e9s Colegio Mayor de Pe\u00f1alol\u00e9n&#8221; font_container=&#8221;tag:h1|text_align:left&#8221; use_theme_fonts=&#8221;yes&#8221; css=&#8221;.vc_custom_1752593179522{margin-top: 0px !important;margin-bottom: 20px !important;}&#8221;][vc_column_text css=&#8221;&#8221;] A partir del a\u00f1o 2023 se trabajaron y presentaron los programas propios de Ingl\u00e9s en el Ministerio de Educaci\u00f3n, los cuales fueron aceptados sin indicaciones.El a\u00f1o&nbsp;&hellip;","_links":{"self":[{"href":"https:\/\/webpe.colegiomayor.cl\/index.php?rest_route=\/wp\/v2\/pages\/637","targetHints":{"allow":["GET"]}}],"collection":[{"href":"https:\/\/webpe.colegiomayor.cl\/index.php?rest_route=\/wp\/v2\/pages"}],"about":[{"href":"https:\/\/webpe.colegiomayor.cl\/index.php?rest_route=\/wp\/v2\/types\/page"}],"author":[{"embeddable":true,"href":"https:\/\/webpe.colegiomayor.cl\/index.php?rest_route=\/wp\/v2\/users\/1"}],"replies":[{"embeddable":true,"href":"https:\/\/webpe.colegiomayor.cl\/index.php?rest_route=%2Fwp%2Fv2%2Fcomments&post=637"}],"version-history":[{"count":5,"href":"https:\/\/webpe.colegiomayor.cl\/index.php?rest_route=\/wp\/v2\/pages\/637\/revisions"}],"predecessor-version":[{"id":38855,"href":"https:\/\/webpe.colegiomayor.cl\/index.php?rest_route=\/wp\/v2\/pages\/637\/revisions\/38855"}],"up":[{"embeddable":true,"href":"https:\/\/webpe.colegiomayor.cl\/index.php?rest_route=\/wp\/v2\/pages\/602"}],"wp:attachment":[{"href":"https:\/\/webpe.colegiomayor.cl\/index.php?rest_route=%2Fwp%2Fv2%2Fmedia&parent=637"}],"curies":[{"name":"wp","href":"https:\/\/api.w.org\/{rel}","templated":true}]}}