{"id":37516,"date":"2025-04-10T16:27:36","date_gmt":"2025-04-10T19:27:36","guid":{"rendered":"https:\/\/webpe.colegiomayor.cl\/?page_id=37516"},"modified":"2026-03-16T10:18:13","modified_gmt":"2026-03-16T13:18:13","slug":"reglamento-copy-copy","status":"publish","type":"page","link":"https:\/\/webpe.colegiomayor.cl\/?page_id=37516","title":{"rendered":"Cupos prioritarios para NEEP"},"content":{"rendered":"<p>El colegio no dispone de cupos prioritarios para NEEP o discapacidad en los cursos de Primero B\u00e1sico a III\u00b0 Medio, toda vez que ya cuenta con estudiantes que presentan dicha condici\u00f3n matriculados en los cursos \u00a0respectivos. Lo anterior es sin perjuicio que los estudiantes de dicha condici\u00f3n, acreditada con la documentaci\u00f3n correspondiente, puedan postular a los cupos restantes.<\/p>\n<p>De producirse disponibilidad de cupos prioritarios en alg\u00fan curso de los distintos niveles durante el a\u00f1o , se actualizar\u00e1 la presente informaci\u00f3n y se comunicar\u00e1 a trav\u00e9s de este mismo medio.<\/p>\n<p>Asimismo, en cuanto a los cupos prioritarios se preferir\u00e1 \u00a0\u00a0el o los hermanos de alumnos matriculados que presenten discapacidad o necesidades educativas especiales permanentes, para que puedan cursar sus estudios en estos establecimientos.<\/p>\n<p><strong>Vacantes disponibles a marzo 2026<\/strong><\/p>\n<table style=\"height: 279px;\" width=\"225\">\n<tbody>\n<tr>\n<td width=\"135\">\n<p style=\"text-align: center;\">Vacantes<\/p>\n<\/td>\n<td width=\"135\">\n<p style=\"text-align: center;\">Marzo\u00a0<\/p>\n<\/td>\n<\/tr>\n<tr>\n<td width=\"135\">\n<p>Play Group<\/p>\n<\/td>\n<td width=\"135\">\n<p>1<\/p>\n<\/td>\n<\/tr>\n<tr>\n<td width=\"135\">\n<p>Pre K\u00ednder<\/p>\n<\/td>\n<td width=\"135\">\n<p>3<\/p>\n<\/td>\n<\/tr>\n<tr>\n<td width=\"135\">\n<p>K\u00ednder<\/p>\n<\/td>\n<td width=\"135\">\n<p>1<\/p>\n<\/td>\n<\/tr>\n<\/tbody>\n<\/table>\n\n\n<p><\/p>\n","protected":false},"excerpt":{"rendered":"<p>El colegio no dispone de cupos prioritarios para NEEP o discapacidad en los cursos de Primero B\u00e1sico a III\u00b0 Medio, toda vez que ya cuenta con estudiantes que presentan dicha condici\u00f3n matriculados en los cursos \u00a0respectivos. Lo anterior es sin perjuicio que los estudiantes de&nbsp;<a href=\"https:\/\/webpe.colegiomayor.cl\/?page_id=37516\">&hellip;<\/a><\/p>\n","protected":false},"author":1,"featured_media":0,"parent":589,"menu_order":8,"comment_status":"closed","ping_status":"closed","template":"template-sidebar-right-childpages.php","meta":{"content-type":"","footnotes":""},"class_list":["post-37516","page","type-page","status-publish","hentry","odd"],"rttpg_featured_image_url":null,"rttpg_author":{"display_name":"josefariesco@gmail.com","author_link":"https:\/\/webpe.colegiomayor.cl\/?author=1"},"rttpg_comment":0,"rttpg_category":null,"rttpg_excerpt":"El colegio no dispone de cupos prioritarios para NEEP o discapacidad en los cursos de Primero B\u00e1sico a III\u00b0 Medio, toda vez que ya cuenta con estudiantes que presentan dicha condici\u00f3n matriculados en los cursos \u00a0respectivos. Lo anterior es sin perjuicio que los estudiantes de&nbsp;&hellip;","_links":{"self":[{"href":"https:\/\/webpe.colegiomayor.cl\/index.php?rest_route=\/wp\/v2\/pages\/37516","targetHints":{"allow":["GET"]}}],"collection":[{"href":"https:\/\/webpe.colegiomayor.cl\/index.php?rest_route=\/wp\/v2\/pages"}],"about":[{"href":"https:\/\/webpe.colegiomayor.cl\/index.php?rest_route=\/wp\/v2\/types\/page"}],"author":[{"embeddable":true,"href":"https:\/\/webpe.colegiomayor.cl\/index.php?rest_route=\/wp\/v2\/users\/1"}],"replies":[{"embeddable":true,"href":"https:\/\/webpe.colegiomayor.cl\/index.php?rest_route=%2Fwp%2Fv2%2Fcomments&post=37516"}],"version-history":[{"count":4,"href":"https:\/\/webpe.colegiomayor.cl\/index.php?rest_route=\/wp\/v2\/pages\/37516\/revisions"}],"predecessor-version":[{"id":40619,"href":"https:\/\/webpe.colegiomayor.cl\/index.php?rest_route=\/wp\/v2\/pages\/37516\/revisions\/40619"}],"up":[{"embeddable":true,"href":"https:\/\/webpe.colegiomayor.cl\/index.php?rest_route=\/wp\/v2\/pages\/589"}],"wp:attachment":[{"href":"https:\/\/webpe.colegiomayor.cl\/index.php?rest_route=%2Fwp%2Fv2%2Fmedia&parent=37516"}],"curies":[{"name":"wp","href":"https:\/\/api.w.org\/{rel}","templated":true}]}}

<p>El colegio no dispone de cupos prioritarios para NEEP o discapacidad en los cursos de Primero Básico a III° Medio, toda vez que ya cuenta con estudiantes que presentan dicha condición matriculados en los cursos  respectivos. Lo anterior es sin perjuicio que los estudiantes de dicha condición, acreditada con la documentación correspondiente, puedan postular a los cupos restantes.</p>
<p>De producirse disponibilidad de cupos prioritarios en algún curso de los distintos niveles durante el año , se actualizará la presente información y se comunicará a través de este mismo medio.</p>
<p>Asimismo, en cuanto a los cupos prioritarios se preferirá   el o los hermanos de alumnos matriculados que presenten discapacidad o necesidades educativas especiales permanentes, para que puedan cursar sus estudios en estos establecimientos.</p>
<p><strong>Vacantes disponibles a marzo 2026</strong></p>
<table style="height: 279px;" width="225">
<tbody>
<tr>
<td width="135">
<p style="text-align: center;">Vacantes</p>
</td>
<td width="135">
<p style="text-align: center;">Marzo </p>
</td>
</tr>
<tr>
<td width="135">
<p>Play Group</p>
</td>
<td width="135">
<p>1</p>
</td>
</tr>
<tr>
<td width="135">
<p>Pre Kínder</p>
</td>
<td width="135">
<p>3</p>
</td>
</tr>
<tr>
<td width="135">
<p>Kínder</p>
</td>
<td width="135">
<p>1</p>
</td>
</tr>
</tbody>
</table>


<p></p>

<p>El colegio no dispone de cupos prioritarios para NEEP o discapacidad en los cursos de Primero Básico a III° Medio, toda vez que ya cuenta con estudiantes que presentan dicha condición matriculados en los cursos  respectivos. Lo anterior es sin perjuicio que los estudiantes de&nbsp;<a href="https://webpe.colegiomayor.cl/?page_id=37516">&hellip;</a></p>

El colegio no dispone de cupos prioritarios para NEEP o discapacidad en los cursos de Primero Básico a III° Medio, toda vez que ya cuenta con estudiantes que presentan dicha condición matriculados en los cursos  respectivos. Lo anterior es sin perjuicio que los estudiantes de&nbsp;&hellip;
