{"id":145,"date":"2017-02-16T13:27:51","date_gmt":"2017-02-16T13:27:51","guid":{"rendered":"http:\/\/ed.aislinthemes.com\/?page_id=912"},"modified":"2026-03-20T11:37:14","modified_gmt":"2026-03-20T14:37:14","slug":"consejo-convivencia","status":"publish","type":"page","link":"https:\/\/webpe.colegiomayor.cl\/?page_id=145","title":{"rendered":"Consejo para la Buena Convivencia Escolar"},"content":{"rendered":"<div class=\"wpb-content-wrapper\"><p>[vc_row][vc_column][vc_custom_heading text=&#8221;Consejo para la buena convivencia escolar&#8221; font_container=&#8221;tag:h1|text_align:left&#8221; use_theme_fonts=&#8221;yes&#8221; css=&#8221;.vc_custom_1733180319195{margin-top: 0px !important;margin-bottom: 20px !important;}&#8221;][vc_column_text css=&#8221;&#8221;]El Consejo para la Buena Convivencia es una instancia de car\u00e1cter consultivo que tiene como misi\u00f3n velar por el desarrollo e implementaci\u00f3n de normativas, planes y acciones inspirados en los principios fundamentales del Proyecto Educativo del Colegio, orientadas a conductas que promuevan la sana Convivencia Escolar.[\/vc_column_text][vc_column_text css=&#8221;&#8221;]<\/p>\n<blockquote><p><strong>El Comit\u00e9 de Buena Convivencia est\u00e1 integrado, al menos, por un representante de cada uno de los siguientes estamentos:<\/strong><\/p><\/blockquote>\n<p>[\/vc_column_text][vc_separator border_width=&#8221;4&#8243;][\/vc_column][\/vc_row][vc_row gap=&#8221;10&#8243; css=&#8221;.vc_custom_1733180606342{margin-top: 20px !important;margin-bottom: 15px !important;}&#8221;][vc_column width=&#8221;1\/2&#8243; css=&#8221;.vc_custom_1490084518194{margin-bottom: 0px !important;}&#8221;]\n\t\t\t\t\t<div class=\"wh-theme-icon vc_custom_1733180707982  scp_theme_icon-252b5c0401f6a9032cba97cbd8d5f05b\">\n\t\t\t\t<i class=\"icon-edarrow\"><\/i>\n\t\t\t<\/div>\n\t\t\t\t[vc_custom_heading text=&#8221;Rectora del Colegio (que lo presidir\u00e1).&#8221; font_container=&#8221;tag:h6|font_size:14px|text_align:left|color:%23000000&#8243; use_theme_fonts=&#8221;yes&#8221; css=&#8221;.vc_custom_1733180485896{margin-bottom: 10px !important;padding-left: 18px !important;}&#8221;]\n\t\t\t\t\t<div class=\"wh-theme-icon vc_custom_1733180720832  scp_theme_icon-453eb9aff66220e4995f7a4089b13edd\">\n\t\t\t\t<i class=\"icon-edarrow\"><\/i>\n\t\t\t<\/div>\n\t\t\t\t[vc_custom_heading text=&#8221;Directores de Ciclo (Ed. de P\u00e1rvulos \u2013 1\u00b0 Ciclo B\u00e1sica \u2013 2\u00b0 Ciclo B\u00e1sico\u2013 E. Media).&#8221; font_container=&#8221;tag:h6|font_size:14px|text_align:left|color:%23000000&#8243; use_theme_fonts=&#8221;yes&#8221; css=&#8221;.vc_custom_1733180550303{margin-bottom: 10px !important;padding-left: 18px !important;}&#8221;]\n\t\t\t\t\t<div class=\"wh-theme-icon vc_custom_1733180720832  scp_theme_icon-453eb9aff66220e4995f7a4089b13edd\">\n\t\t\t\t<i class=\"icon-edarrow\"><\/i>\n\t\t\t<\/div>\n\t\t\t\t[vc_custom_heading text=&#8221;Directora de Convivencia escolar.&#8221; font_container=&#8221;tag:h6|font_size:14px|text_align:left|color:%23000000&#8243; use_theme_fonts=&#8221;yes&#8221; css=&#8221;.vc_custom_1733180871931{margin-bottom: 10px !important;padding-left: 18px !important;}&#8221;]\n\t\t\t\t\t<div class=\"wh-theme-icon vc_custom_1733180720832  scp_theme_icon-453eb9aff66220e4995f7a4089b13edd\">\n\t\t\t\t<i class=\"icon-edarrow\"><\/i>\n\t\t\t<\/div>\n\t\t\t\t[vc_custom_heading text=&#8221;Representante de la Directiva del Centro de Padres y Apoderados.&#8221; font_container=&#8221;tag:h6|font_size:14px|text_align:left|color:%23000000&#8243; use_theme_fonts=&#8221;yes&#8221; css=&#8221;.vc_custom_1733180895514{margin-bottom: 10px !important;padding-left: 18px !important;}&#8221;][\/vc_column][vc_column width=&#8221;1\/2&#8243; css=&#8221;.vc_custom_1490084524065{margin-bottom: 0px !important;}&#8221;]\n\t\t\t\t\t<div class=\"wh-theme-icon vc_custom_1733180707982  scp_theme_icon-252b5c0401f6a9032cba97cbd8d5f05b\">\n\t\t\t\t<i class=\"icon-edarrow\"><\/i>\n\t\t\t<\/div>\n\t\t\t\t[vc_custom_heading text=&#8221;Representante del Centro de Estudiantes.&#8221; font_container=&#8221;tag:h6|font_size:14px|text_align:left|color:%23000000&#8243; use_theme_fonts=&#8221;yes&#8221; css=&#8221;.vc_custom_1733180926865{margin-bottom: 10px !important;padding-left: 18px !important;}&#8221;]\n\t\t\t\t\t<div class=\"wh-theme-icon vc_custom_1733180707982  scp_theme_icon-252b5c0401f6a9032cba97cbd8d5f05b\">\n\t\t\t\t<i class=\"icon-edarrow\"><\/i>\n\t\t\t<\/div>\n\t\t\t\t[vc_custom_heading text=&#8221;Un docente delegado por Ciclo (Ed. de P\u00e1rvulos \u2013 1\u00b0 Ciclo B\u00e1sica \u2013 2\u00b0 Ciclo B\u00e1sico\u2013 E. Media).&#8221; font_container=&#8221;tag:h6|font_size:14px|text_align:left|color:%23000000&#8243; use_theme_fonts=&#8221;yes&#8221; css=&#8221;.vc_custom_1733180944033{margin-bottom: 10px !important;padding-left: 18px !important;}&#8221;]\n\t\t\t\t\t<div class=\"wh-theme-icon vc_custom_1733180707982  scp_theme_icon-252b5c0401f6a9032cba97cbd8d5f05b\">\n\t\t\t\t<i class=\"icon-edarrow\"><\/i>\n\t\t\t<\/div>\n\t\t\t\t[vc_custom_heading text=&#8221;Una Orientadora y una Psic\u00f3loga.&#8221; font_container=&#8221;tag:h6|font_size:14px|text_align:left|color:%23000000&#8243; use_theme_fonts=&#8221;yes&#8221; css=&#8221;.vc_custom_1733180966502{margin-bottom: 10px !important;padding-left: 18px !important;}&#8221;][\/vc_column][\/vc_row][vc_row css=&#8221;.vc_custom_1488897097455{padding-top: 10px !important;}&#8221;][vc_column][vc_column_text css=&#8221;&#8221;]<\/p>\n<blockquote><p><strong>El comit\u00e9 tiene, entre otras, las siguientes atribuciones:<\/strong><\/p><\/blockquote>\n<p>[\/vc_column_text][vc_column_text css=&#8221;&#8221;]Apoyar en el dise\u00f1o e implementaci\u00f3n de los planes de prevenci\u00f3n de la violencia escolar del establecimiento.<\/p>\n<p>Informar y capacitar a todos los integrantes de la Comunidad Educativa acerca de las consecuencias del maltrato, acoso u hostigamiento escolar y de cualquier tipo de conducta contraria a la sana convivencia escolar.<\/p>\n<p>Proponer o adoptar las medidas y programas conducentes al mantenimiento de un clima escolar sano.<\/p>\n<p>Proposici\u00f3n de acciones para el encuentro, el intercambio, la colaboraci\u00f3n y el establecimiento de v\u00ednculos dentro de la comunidad escolar.<\/p>\n<p>Proposici\u00f3n y mejoramiento de sistema de comunicaci\u00f3n interna.<\/p>\n<p>Revisi\u00f3n y propuestas de normas de convivencia escolar, expresadas en el Reglamento Interno del Colegio Mayor Pe\u00f1alol\u00e9n.<\/p>\n<p>Ser un ente consultivo en relaci\u00f3n a las posibles sanciones en casos fundamentados y pertinentes frente a casos de violencia escolar.[\/vc_column_text][\/vc_column][\/vc_row]<\/p>\n<\/div>","protected":false},"excerpt":{"rendered":"<p>[vc_row][vc_column][vc_custom_heading text=&#8221;Consejo para la buena convivencia escolar&#8221; font_container=&#8221;tag:h1|text_align:left&#8221; use_theme_fonts=&#8221;yes&#8221; css=&#8221;.vc_custom_1733180319195{margin-top: 0px !important;margin-bottom: 20px !important;}&#8221;][vc_column_text css=&#8221;&#8221;]El Consejo para la Buena Convivencia es una instancia de car\u00e1cter consultivo que tiene como misi\u00f3n velar por el desarrollo e implementaci\u00f3n de normativas, planes y acciones inspirados en los principios&nbsp;<a href=\"https:\/\/webpe.colegiomayor.cl\/?page_id=145\">&hellip;<\/a><\/p>\n","protected":false},"author":1,"featured_media":0,"parent":854,"menu_order":5,"comment_status":"closed","ping_status":"closed","template":"template-sidebar-right-childpages.php","meta":{"content-type":"","footnotes":""},"class_list":["post-145","page","type-page","status-publish","hentry","odd"],"rttpg_featured_image_url":null,"rttpg_author":{"display_name":"josefariesco@gmail.com","author_link":"https:\/\/webpe.colegiomayor.cl\/?author=1"},"rttpg_comment":0,"rttpg_category":null,"rttpg_excerpt":"[vc_row][vc_column][vc_custom_heading text=&#8221;Consejo para la buena convivencia escolar&#8221; font_container=&#8221;tag:h1|text_align:left&#8221; use_theme_fonts=&#8221;yes&#8221; css=&#8221;.vc_custom_1733180319195{margin-top: 0px !important;margin-bottom: 20px !important;}&#8221;][vc_column_text css=&#8221;&#8221;]El Consejo para la Buena Convivencia es una instancia de car\u00e1cter consultivo que tiene como misi\u00f3n velar por el desarrollo e implementaci\u00f3n de normativas, planes y acciones inspirados en los principios&nbsp;&hellip;","_links":{"self":[{"href":"https:\/\/webpe.colegiomayor.cl\/index.php?rest_route=\/wp\/v2\/pages\/145","targetHints":{"allow":["GET"]}}],"collection":[{"href":"https:\/\/webpe.colegiomayor.cl\/index.php?rest_route=\/wp\/v2\/pages"}],"about":[{"href":"https:\/\/webpe.colegiomayor.cl\/index.php?rest_route=\/wp\/v2\/types\/page"}],"author":[{"embeddable":true,"href":"https:\/\/webpe.colegiomayor.cl\/index.php?rest_route=\/wp\/v2\/users\/1"}],"replies":[{"embeddable":true,"href":"https:\/\/webpe.colegiomayor.cl\/index.php?rest_route=%2Fwp%2Fv2%2Fcomments&post=145"}],"version-history":[{"count":7,"href":"https:\/\/webpe.colegiomayor.cl\/index.php?rest_route=\/wp\/v2\/pages\/145\/revisions"}],"predecessor-version":[{"id":40659,"href":"https:\/\/webpe.colegiomayor.cl\/index.php?rest_route=\/wp\/v2\/pages\/145\/revisions\/40659"}],"up":[{"embeddable":true,"href":"https:\/\/webpe.colegiomayor.cl\/index.php?rest_route=\/wp\/v2\/pages\/854"}],"wp:attachment":[{"href":"https:\/\/webpe.colegiomayor.cl\/index.php?rest_route=%2Fwp%2Fv2%2Fmedia&parent=145"}],"curies":[{"name":"wp","href":"https:\/\/api.w.org\/{rel}","templated":true}]}}

<div class="wpb-content-wrapper"><p>[vc_row][vc_column][vc_custom_heading text=&#8221;Consejo para la buena convivencia escolar&#8221; font_container=&#8221;tag:h1|text_align:left&#8221; use_theme_fonts=&#8221;yes&#8221; css=&#8221;.vc_custom_1733180319195{margin-top: 0px !important;margin-bottom: 20px !important;}&#8221;][vc_column_text css=&#8221;&#8221;]El Consejo para la Buena Convivencia es una instancia de carácter consultivo que tiene como misión velar por el desarrollo e implementación de normativas, planes y acciones inspirados en los principios fundamentales del Proyecto Educativo del Colegio, orientadas a conductas que promuevan la sana Convivencia Escolar.[/vc_column_text][vc_column_text css=&#8221;&#8221;]</p>
<blockquote><p><strong>El Comité de Buena Convivencia está integrado, al menos, por un representante de cada uno de los siguientes estamentos:</strong></p></blockquote>
<p>[/vc_column_text][vc_separator border_width=&#8221;4&#8243;][/vc_column][/vc_row][vc_row gap=&#8221;10&#8243; css=&#8221;.vc_custom_1733180606342{margin-top: 20px !important;margin-bottom: 15px !important;}&#8221;][vc_column width=&#8221;1/2&#8243; css=&#8221;.vc_custom_1490084518194{margin-bottom: 0px !important;}&#8221;]
					<div class="wh-theme-icon vc_custom_1733180707982  scp_theme_icon-252b5c0401f6a9032cba97cbd8d5f05b">
				<i class="icon-edarrow"></i>
			</div>
				[vc_custom_heading text=&#8221;Rectora del Colegio (que lo presidirá).&#8221; font_container=&#8221;tag:h6|font_size:14px|text_align:left|color:%23000000&#8243; use_theme_fonts=&#8221;yes&#8221; css=&#8221;.vc_custom_1733180485896{margin-bottom: 10px !important;padding-left: 18px !important;}&#8221;]
					<div class="wh-theme-icon vc_custom_1733180720832  scp_theme_icon-453eb9aff66220e4995f7a4089b13edd">
				<i class="icon-edarrow"></i>
			</div>
				[vc_custom_heading text=&#8221;Directores de Ciclo (Ed. de Párvulos – 1° Ciclo Básica – 2° Ciclo Básico– E. Media).&#8221; font_container=&#8221;tag:h6|font_size:14px|text_align:left|color:%23000000&#8243; use_theme_fonts=&#8221;yes&#8221; css=&#8221;.vc_custom_1733180550303{margin-bottom: 10px !important;padding-left: 18px !important;}&#8221;]
					<div class="wh-theme-icon vc_custom_1733180720832  scp_theme_icon-453eb9aff66220e4995f7a4089b13edd">
				<i class="icon-edarrow"></i>
			</div>
				[vc_custom_heading text=&#8221;Directora de Convivencia escolar.&#8221; font_container=&#8221;tag:h6|font_size:14px|text_align:left|color:%23000000&#8243; use_theme_fonts=&#8221;yes&#8221; css=&#8221;.vc_custom_1733180871931{margin-bottom: 10px !important;padding-left: 18px !important;}&#8221;]
					<div class="wh-theme-icon vc_custom_1733180720832  scp_theme_icon-453eb9aff66220e4995f7a4089b13edd">
				<i class="icon-edarrow"></i>
			</div>
				[vc_custom_heading text=&#8221;Representante de la Directiva del Centro de Padres y Apoderados.&#8221; font_container=&#8221;tag:h6|font_size:14px|text_align:left|color:%23000000&#8243; use_theme_fonts=&#8221;yes&#8221; css=&#8221;.vc_custom_1733180895514{margin-bottom: 10px !important;padding-left: 18px !important;}&#8221;][/vc_column][vc_column width=&#8221;1/2&#8243; css=&#8221;.vc_custom_1490084524065{margin-bottom: 0px !important;}&#8221;]
					<div class="wh-theme-icon vc_custom_1733180707982  scp_theme_icon-252b5c0401f6a9032cba97cbd8d5f05b">
				<i class="icon-edarrow"></i>
			</div>
				[vc_custom_heading text=&#8221;Representante del Centro de Estudiantes.&#8221; font_container=&#8221;tag:h6|font_size:14px|text_align:left|color:%23000000&#8243; use_theme_fonts=&#8221;yes&#8221; css=&#8221;.vc_custom_1733180926865{margin-bottom: 10px !important;padding-left: 18px !important;}&#8221;]
					<div class="wh-theme-icon vc_custom_1733180707982  scp_theme_icon-252b5c0401f6a9032cba97cbd8d5f05b">
				<i class="icon-edarrow"></i>
			</div>
				[vc_custom_heading text=&#8221;Un docente delegado por Ciclo (Ed. de Párvulos – 1° Ciclo Básica – 2° Ciclo Básico– E. Media).&#8221; font_container=&#8221;tag:h6|font_size:14px|text_align:left|color:%23000000&#8243; use_theme_fonts=&#8221;yes&#8221; css=&#8221;.vc_custom_1733180944033{margin-bottom: 10px !important;padding-left: 18px !important;}&#8221;]
					<div class="wh-theme-icon vc_custom_1733180707982  scp_theme_icon-252b5c0401f6a9032cba97cbd8d5f05b">
				<i class="icon-edarrow"></i>
			</div>
				[vc_custom_heading text=&#8221;Una Orientadora y una Psicóloga.&#8221; font_container=&#8221;tag:h6|font_size:14px|text_align:left|color:%23000000&#8243; use_theme_fonts=&#8221;yes&#8221; css=&#8221;.vc_custom_1733180966502{margin-bottom: 10px !important;padding-left: 18px !important;}&#8221;][/vc_column][/vc_row][vc_row css=&#8221;.vc_custom_1488897097455{padding-top: 10px !important;}&#8221;][vc_column][vc_column_text css=&#8221;&#8221;]</p>
<blockquote><p><strong>El comité tiene, entre otras, las siguientes atribuciones:</strong></p></blockquote>
<p>[/vc_column_text][vc_column_text css=&#8221;&#8221;]Apoyar en el diseño e implementación de los planes de prevención de la violencia escolar del establecimiento.</p>
<p>Informar y capacitar a todos los integrantes de la Comunidad Educativa acerca de las consecuencias del maltrato, acoso u hostigamiento escolar y de cualquier tipo de conducta contraria a la sana convivencia escolar.</p>
<p>Proponer o adoptar las medidas y programas conducentes al mantenimiento de un clima escolar sano.</p>
<p>Proposición de acciones para el encuentro, el intercambio, la colaboración y el establecimiento de vínculos dentro de la comunidad escolar.</p>
<p>Proposición y mejoramiento de sistema de comunicación interna.</p>
<p>Revisión y propuestas de normas de convivencia escolar, expresadas en el Reglamento Interno del Colegio Mayor Peñalolén.</p>
<p>Ser un ente consultivo en relación a las posibles sanciones en casos fundamentados y pertinentes frente a casos de violencia escolar.[/vc_column_text][/vc_column][/vc_row]</p>
</div>

<p>[vc_row][vc_column][vc_custom_heading text=&#8221;Consejo para la buena convivencia escolar&#8221; font_container=&#8221;tag:h1|text_align:left&#8221; use_theme_fonts=&#8221;yes&#8221; css=&#8221;.vc_custom_1733180319195{margin-top: 0px !important;margin-bottom: 20px !important;}&#8221;][vc_column_text css=&#8221;&#8221;]El Consejo para la Buena Convivencia es una instancia de carácter consultivo que tiene como misión velar por el desarrollo e implementación de normativas, planes y acciones inspirados en los principios&nbsp;<a href="https://webpe.colegiomayor.cl/?page_id=145">&hellip;</a></p>

[vc_row][vc_column][vc_custom_heading text=&#8221;Consejo para la buena convivencia escolar&#8221; font_container=&#8221;tag:h1|text_align:left&#8221; use_theme_fonts=&#8221;yes&#8221; css=&#8221;.vc_custom_1733180319195{margin-top: 0px !important;margin-bottom: 20px !important;}&#8221;][vc_column_text css=&#8221;&#8221;]El Consejo para la Buena Convivencia es una instancia de carácter consultivo que tiene como misión velar por el desarrollo e implementación de normativas, planes y acciones inspirados en los principios&nbsp;&hellip;
