{"id":138,"date":"2017-03-01T12:14:46","date_gmt":"2017-03-01T12:14:46","guid":{"rendered":"http:\/\/ed.aislinthemes.com\/?page_id=1568"},"modified":"2024-11-28T01:10:23","modified_gmt":"2024-11-28T04:10:23","slug":"admission","status":"publish","type":"page","link":"https:\/\/webpe.colegiomayor.cl\/?page_id=138","title":{"rendered":"Pilares del Aprendizaje"},"content":{"rendered":"<div class=\"wpb-content-wrapper\"><p>[vc_row css=&#8221;.vc_custom_1489757098787{margin-bottom: 30px !important;padding-right: 33% !important;}&#8221;][vc_column css=&#8221;.vc_custom_1491469743240{margin-bottom: 0px !important;}&#8221;][vc_custom_heading text=&#8221;Pilares del Aprendizaje&#8221; font_container=&#8221;tag:h1|text_align:left&#8221; use_theme_fonts=&#8221;yes&#8221; css=&#8221;.vc_custom_1732765081135{margin-top: 0px !important;}&#8221;][\/vc_column][\/vc_row][vc_row css=&#8221;.vc_custom_1491467924293{padding-right: 20px !important;padding-bottom: 35px !important;padding-left: 20px !important;background-color: #37383a !important;}&#8221;][vc_column]\t\t<div class=\"our-process \" data-breakpoint=\"768\">\n\t\t\t\t\t\t<div class=\"dots\">\n\t\t\t\t\t\t<div class=\"dot-container  scp_our_process_item-e655e014d835578032379741bd28196e\">\n\t\t\t<div class=\"line\"><\/div>\n\t\t\t<div class=\"triangle\"><\/div>\n\t\t\t<div class=\"dot-wrap center\">\n\t\t\t\t<div class=\"dot\">\n\t\t\t\t\t<i class=\"\"><\/i>\n\t\t\t\t<\/div>\n\t\t\t<\/div>\n\t\t\t<div class=\"text\">\n\t\t\t\t<h6 class=\"title\">APRENDER A APRENDER<\/h6>\t\t\t\t<\/p>\n<p style=\"text-align: justify\">Darse cuenta de lo que uno aprende y c\u00f3mo lo aprende. Lograr que los alumnos desarrollen las capacidades, estrategias y recursos personales para acceder por s\u00ed mismos al conocimiento.<\/p>\n<p>\t\t\t<\/div>\n\t\t<\/div>\n\t\t\t\t<div class=\"dot-container  scp_our_process_item-2979fede1b1f78f63cd7d0125f020a37\">\n\t\t\t<div class=\"line\"><\/div>\n\t\t\t<div class=\"triangle\"><\/div>\n\t\t\t<div class=\"dot-wrap center\">\n\t\t\t\t<div class=\"dot\">\n\t\t\t\t\t<i class=\"\"><\/i>\n\t\t\t\t<\/div>\n\t\t\t<\/div>\n\t\t\t<div class=\"text\">\n\t\t\t\t<h6 class=\"title\">APRENDER A HACER<\/h6>\t\t\t\t<\/p>\n<p style=\"text-align: justify\">Para fortalecer la propia personalidad y para que los alumnos est\u00e9n en condiciones de obrar con creciente capacidad de autonom\u00eda y responsabilidad. Es por esto que potenciamos en nuestros alumnos: memoria, razonamiento, sentido est\u00e9tico, capacidades f\u00edsicas y aptitud para comunicar.<\/p>\n<p>\t\t\t<\/div>\n\t\t<\/div>\n\t\t\t\t<div class=\"dot-container  scp_our_process_item-8b9eaa31bbfd7657dad762e49953c56f\">\n\t\t\t<div class=\"line\"><\/div>\n\t\t\t<div class=\"triangle\"><\/div>\n\t\t\t<div class=\"dot-wrap center\">\n\t\t\t\t<div class=\"dot\">\n\t\t\t\t\t<i class=\"\"><\/i>\n\t\t\t\t<\/div>\n\t\t\t<\/div>\n\t\t\t<div class=\"text\">\n\t\t\t\t<h6 class=\"title\">APRENDER A SER<\/h6>\t\t\t\t<\/p>\n<p style=\"text-align: justify\">Adquisici\u00f3n de competencias personales que capacite a los alumnos para afrontar diversas situaciones, como trabajar en equipo, tomar decisiones, relacionarse, etc.<\/p>\n<p>\t\t\t<\/div>\n\t\t<\/div>\n\t\t\t\t<div class=\"dot-container  scp_our_process_item-1c1f572b9063ace1d89497e9727e5927\">\n\t\t\t<div class=\"line\"><\/div>\n\t\t\t<div class=\"triangle\"><\/div>\n\t\t\t<div class=\"dot-wrap center\">\n\t\t\t\t<div class=\"dot\">\n\t\t\t\t\t<i class=\"\"><\/i>\n\t\t\t\t<\/div>\n\t\t\t<\/div>\n\t\t\t<div class=\"text\">\n\t\t\t\t<h6 class=\"title\">APENDER A CONVIVIR<\/h6>\t\t\t\t<\/p>\n<p style=\"text-align: justify\">Desarrollar la comprensi\u00f3n y la percepci\u00f3n del otro, apeg\u00e1ndose a los valores institucionales como el respeto, honestidad, tolerancia y responsabilidad. Se trata de un aprendizaje imprescindible para el desarrollo de la vida en sociedad.<\/p>\n<p>\t\t\t<\/div>\n\t\t<\/div>\n\t\t\t\t\t<\/div>\n\t\t<\/div>\n\t\t[\/vc_column][\/vc_row][vc_row css=&#8221;.vc_custom_1488462465103{padding-bottom: 20px !important;background-color: #e6be1e !important;}&#8221;][vc_column width=&#8221;1\/2&#8243; css=&#8221;.vc_custom_1489756558407{margin-right: 0px !important;margin-bottom: 0px !important;padding-top: 25px !important;padding-right: 25px !important;}&#8221; offset=&#8221;vc_col-xs-6&#8243;][vc_custom_heading text=&#8221;Basados en \u201cLa educaci\u00f3n encierra un tesoro\u201d, UNESCO, 1996.&#8221; font_container=&#8221;tag:h6|text_align:right|color:%232d2d2d&#8221; use_theme_fonts=&#8221;yes&#8221; css=&#8221;&#8221;][\/vc_column][vc_column width=&#8221;1\/2&#8243; css=&#8221;.vc_custom_1489756553336{margin-bottom: 0px !important;padding-top: 25px !important;}&#8221; offset=&#8221;vc_col-xs-6&#8243;]\n\t\t\t\t\t<a\n\t\t\t\thref=\"#\"\n\t\t\t\tclass=\"wh-theme-icon vc_custom_1488968217311  scp_theme_icon-2957d51078698d1b3e14d82892ecda1e\"\n\t\t\t\t\t\t\t\t\t\t\t\t><i class=\"icon-edschool\"><\/i><\/a>\n\t\t\t\t[vc_custom_heading text=&#8221;<u>CUATRO PILARES DEL APENDIZAJE<\/u>&#8221; font_container=&#8221;tag:h6|text_align:left|color:%232d2d2d&#8221; use_theme_fonts=&#8221;yes&#8221; css=&#8221;.vc_custom_1732765918800{padding-left: 15px !important;}&#8221; link=&#8221;url:%23|||&#8221;][\/vc_column][\/vc_row][vc_row css=&#8221;.vc_custom_1488458487304{margin-top: 20px !important;}&#8221;][vc_column css=&#8221;.vc_custom_1489756800336{margin-bottom: 0px !important;}&#8221;][vc_single_image image=&#8221;597&#8243; img_size=&#8221;FULL&#8221; css=&#8221;&#8221;][\/vc_column][\/vc_row]<\/p>\n<\/div>","protected":false},"excerpt":{"rendered":"<p>[vc_row css=&#8221;.vc_custom_1489757098787{margin-bottom: 30px !important;padding-right: 33% !important;}&#8221;][vc_column css=&#8221;.vc_custom_1491469743240{margin-bottom: 0px !important;}&#8221;][vc_custom_heading text=&#8221;Pilares del Aprendizaje&#8221; font_container=&#8221;tag:h1|text_align:left&#8221; use_theme_fonts=&#8221;yes&#8221; css=&#8221;.vc_custom_1732765081135{margin-top: 0px !important;}&#8221;][\/vc_column][\/vc_row][vc_row css=&#8221;.vc_custom_1491467924293{padding-right: 20px !important;padding-bottom: 35px !important;padding-left: 20px !important;background-color: #37383a !important;}&#8221;][vc_column][\/vc_column][\/vc_row][vc_row css=&#8221;.vc_custom_1488462465103{padding-bottom: 20px !important;background-color: #e6be1e !important;}&#8221;][vc_column width=&#8221;1\/2&#8243; css=&#8221;.vc_custom_1489756558407{margin-right: 0px !important;margin-bottom: 0px !important;padding-top: 25px !important;padding-right: 25px !important;}&#8221; offset=&#8221;vc_col-xs-6&#8243;][vc_custom_heading text=&#8221;Basados en \u201cLa&nbsp;<a href=\"https:\/\/webpe.colegiomayor.cl\/?page_id=138\">&hellip;<\/a><\/p>\n","protected":false},"author":1,"featured_media":0,"parent":602,"menu_order":2,"comment_status":"closed","ping_status":"closed","template":"template-sidebar-right-childpages.php","meta":{"content-type":"","footnotes":""},"class_list":["post-138","page","type-page","status-publish","hentry","odd"],"rttpg_featured_image_url":null,"rttpg_author":{"display_name":"josefariesco@gmail.com","author_link":"https:\/\/webpe.colegiomayor.cl\/?author=1"},"rttpg_comment":0,"rttpg_category":null,"rttpg_excerpt":"[vc_row css=&#8221;.vc_custom_1489757098787{margin-bottom: 30px !important;padding-right: 33% !important;}&#8221;][vc_column css=&#8221;.vc_custom_1491469743240{margin-bottom: 0px !important;}&#8221;][vc_custom_heading text=&#8221;Pilares del Aprendizaje&#8221; font_container=&#8221;tag:h1|text_align:left&#8221; use_theme_fonts=&#8221;yes&#8221; css=&#8221;.vc_custom_1732765081135{margin-top: 0px !important;}&#8221;][\/vc_column][\/vc_row][vc_row css=&#8221;.vc_custom_1491467924293{padding-right: 20px !important;padding-bottom: 35px !important;padding-left: 20px !important;background-color: #37383a !important;}&#8221;][vc_column][\/vc_column][\/vc_row][vc_row css=&#8221;.vc_custom_1488462465103{padding-bottom: 20px !important;background-color: #e6be1e !important;}&#8221;][vc_column width=&#8221;1\/2&#8243; css=&#8221;.vc_custom_1489756558407{margin-right: 0px !important;margin-bottom: 0px !important;padding-top: 25px !important;padding-right: 25px !important;}&#8221; offset=&#8221;vc_col-xs-6&#8243;][vc_custom_heading text=&#8221;Basados en \u201cLa&nbsp;&hellip;","_links":{"self":[{"href":"https:\/\/webpe.colegiomayor.cl\/index.php?rest_route=\/wp\/v2\/pages\/138","targetHints":{"allow":["GET"]}}],"collection":[{"href":"https:\/\/webpe.colegiomayor.cl\/index.php?rest_route=\/wp\/v2\/pages"}],"about":[{"href":"https:\/\/webpe.colegiomayor.cl\/index.php?rest_route=\/wp\/v2\/types\/page"}],"author":[{"embeddable":true,"href":"https:\/\/webpe.colegiomayor.cl\/index.php?rest_route=\/wp\/v2\/users\/1"}],"replies":[{"embeddable":true,"href":"https:\/\/webpe.colegiomayor.cl\/index.php?rest_route=%2Fwp%2Fv2%2Fcomments&post=138"}],"version-history":[{"count":13,"href":"https:\/\/webpe.colegiomayor.cl\/index.php?rest_route=\/wp\/v2\/pages\/138\/revisions"}],"predecessor-version":[{"id":606,"href":"https:\/\/webpe.colegiomayor.cl\/index.php?rest_route=\/wp\/v2\/pages\/138\/revisions\/606"}],"up":[{"embeddable":true,"href":"https:\/\/webpe.colegiomayor.cl\/index.php?rest_route=\/wp\/v2\/pages\/602"}],"wp:attachment":[{"href":"https:\/\/webpe.colegiomayor.cl\/index.php?rest_route=%2Fwp%2Fv2%2Fmedia&parent=138"}],"curies":[{"name":"wp","href":"https:\/\/api.w.org\/{rel}","templated":true}]}}

<div class="wpb-content-wrapper"><p>[vc_row css=&#8221;.vc_custom_1489757098787{margin-bottom: 30px !important;padding-right: 33% !important;}&#8221;][vc_column css=&#8221;.vc_custom_1491469743240{margin-bottom: 0px !important;}&#8221;][vc_custom_heading text=&#8221;Pilares del Aprendizaje&#8221; font_container=&#8221;tag:h1|text_align:left&#8221; use_theme_fonts=&#8221;yes&#8221; css=&#8221;.vc_custom_1732765081135{margin-top: 0px !important;}&#8221;][/vc_column][/vc_row][vc_row css=&#8221;.vc_custom_1491467924293{padding-right: 20px !important;padding-bottom: 35px !important;padding-left: 20px !important;background-color: #37383a !important;}&#8221;][vc_column]		<div class="our-process " data-breakpoint="768">
						<div class="dots">
						<div class="dot-container  scp_our_process_item-e655e014d835578032379741bd28196e">
			<div class="line"></div>
			<div class="triangle"></div>
			<div class="dot-wrap center">
				<div class="dot">
					<i class=""></i>
				</div>
			</div>
			<div class="text">
				<h6 class="title">APRENDER A APRENDER</h6>				</p>
<p style="text-align: justify">Darse cuenta de lo que uno aprende y cómo lo aprende. Lograr que los alumnos desarrollen las capacidades, estrategias y recursos personales para acceder por sí mismos al conocimiento.</p>
<p>			</div>
		</div>
				<div class="dot-container  scp_our_process_item-2979fede1b1f78f63cd7d0125f020a37">
			<div class="line"></div>
			<div class="triangle"></div>
			<div class="dot-wrap center">
				<div class="dot">
					<i class=""></i>
				</div>
			</div>
			<div class="text">
				<h6 class="title">APRENDER A HACER</h6>				</p>
<p style="text-align: justify">Para fortalecer la propia personalidad y para que los alumnos estén en condiciones de obrar con creciente capacidad de autonomía y responsabilidad. Es por esto que potenciamos en nuestros alumnos: memoria, razonamiento, sentido estético, capacidades físicas y aptitud para comunicar.</p>
<p>			</div>
		</div>
				<div class="dot-container  scp_our_process_item-8b9eaa31bbfd7657dad762e49953c56f">
			<div class="line"></div>
			<div class="triangle"></div>
			<div class="dot-wrap center">
				<div class="dot">
					<i class=""></i>
				</div>
			</div>
			<div class="text">
				<h6 class="title">APRENDER A SER</h6>				</p>
<p style="text-align: justify">Adquisición de competencias personales que capacite a los alumnos para afrontar diversas situaciones, como trabajar en equipo, tomar decisiones, relacionarse, etc.</p>
<p>			</div>
		</div>
				<div class="dot-container  scp_our_process_item-1c1f572b9063ace1d89497e9727e5927">
			<div class="line"></div>
			<div class="triangle"></div>
			<div class="dot-wrap center">
				<div class="dot">
					<i class=""></i>
				</div>
			</div>
			<div class="text">
				<h6 class="title">APENDER A CONVIVIR</h6>				</p>
<p style="text-align: justify">Desarrollar la comprensión y la percepción del otro, apegándose a los valores institucionales como el respeto, honestidad, tolerancia y responsabilidad. Se trata de un aprendizaje imprescindible para el desarrollo de la vida en sociedad.</p>
<p>			</div>
		</div>
					</div>
		</div>
		[/vc_column][/vc_row][vc_row css=&#8221;.vc_custom_1488462465103{padding-bottom: 20px !important;background-color: #e6be1e !important;}&#8221;][vc_column width=&#8221;1/2&#8243; css=&#8221;.vc_custom_1489756558407{margin-right: 0px !important;margin-bottom: 0px !important;padding-top: 25px !important;padding-right: 25px !important;}&#8221; offset=&#8221;vc_col-xs-6&#8243;][vc_custom_heading text=&#8221;Basados en “La educación encierra un tesoro”, UNESCO, 1996.&#8221; font_container=&#8221;tag:h6|text_align:right|color:%232d2d2d&#8221; use_theme_fonts=&#8221;yes&#8221; css=&#8221;&#8221;][/vc_column][vc_column width=&#8221;1/2&#8243; css=&#8221;.vc_custom_1489756553336{margin-bottom: 0px !important;padding-top: 25px !important;}&#8221; offset=&#8221;vc_col-xs-6&#8243;]
					<a
				href="#"
				class="wh-theme-icon vc_custom_1488968217311  scp_theme_icon-2957d51078698d1b3e14d82892ecda1e"
												><i class="icon-edschool"></i></a>
				[vc_custom_heading text=&#8221;<u>CUATRO PILARES DEL APENDIZAJE</u>&#8221; font_container=&#8221;tag:h6|text_align:left|color:%232d2d2d&#8221; use_theme_fonts=&#8221;yes&#8221; css=&#8221;.vc_custom_1732765918800{padding-left: 15px !important;}&#8221; link=&#8221;url:%23|||&#8221;][/vc_column][/vc_row][vc_row css=&#8221;.vc_custom_1488458487304{margin-top: 20px !important;}&#8221;][vc_column css=&#8221;.vc_custom_1489756800336{margin-bottom: 0px !important;}&#8221;][vc_single_image image=&#8221;597&#8243; img_size=&#8221;FULL&#8221; css=&#8221;&#8221;][/vc_column][/vc_row]</p>
</div>
